{"id":319,"date":"2022-02-10T17:00:47","date_gmt":"2022-02-10T17:00:47","guid":{"rendered":"https:\/\/szel-pasztorkerteszet.hu\/?page_id=319"},"modified":"2026-03-08T18:39:55","modified_gmt":"2026-03-08T18:39:55","slug":"fooldal","status":"publish","type":"page","link":"https:\/\/szel-pasztorkerteszet.hu\/","title":{"rendered":""},"content":{"rendered":"<h2 class=\"wp-block-heading has-text-align-center has-medium-font-size\">EMAIL: kerteszetpellerd@gmail.com<br>TELEFONSZ\u00c1M: 06 20 429 6111<br><a href=\"https:\/\/www.google.com\/maps\/place\/Sz%C3%A9l+%26+P%C3%A1sztor+Kert%C3%A9szet+Pell%C3%A9rd\/@46.0187032,18.158385,14z\/data=!4m5!3m4!1s0x0:0xe4fa37ec8952725f!8m2!3d46.0194196!4d18.1585491\" title=\"\">\u00datvonal tervez\u00e9s a kert\u00e9szethez<\/a><\/h2><p class=\"has-text-align-center\">Nyitvatart\u00e1s: H-P: 9-17-ig Sz: 9-13-ig V:Z\u00e1rva<\/p><figure class=\"wp-block-image aligncenter size-large\"><img fetchpriority=\"high\" decoding=\"async\" width=\"1024\" height=\"683\" src=\"https:\/\/szel-pasztorkerteszet.hu\/wp-content\/uploads\/2022\/03\/home_mainpage-copy-02-1024x683.jpg\" alt=\"kert\u00e9szet\" class=\"wp-image-2981\" srcset=\"https:\/\/szel-pasztorkerteszet.hu\/wp-content\/uploads\/2022\/03\/home_mainpage-copy-02-1024x683.jpg 1024w, https:\/\/szel-pasztorkerteszet.hu\/wp-content\/uploads\/2022\/03\/home_mainpage-copy-02-300x200.jpg 300w, https:\/\/szel-pasztorkerteszet.hu\/wp-content\/uploads\/2022\/03\/home_mainpage-copy-02-768x512.jpg 768w, https:\/\/szel-pasztorkerteszet.hu\/wp-content\/uploads\/2022\/03\/home_mainpage-copy-02-1536x1024.jpg 1536w, https:\/\/szel-pasztorkerteszet.hu\/wp-content\/uploads\/2022\/03\/home_mainpage-copy-02-2048x1365.jpg 2048w, https:\/\/szel-pasztorkerteszet.hu\/wp-content\/uploads\/2022\/03\/home_mainpage-copy-02-1320x880.jpg 1320w, https:\/\/szel-pasztorkerteszet.hu\/wp-content\/uploads\/2022\/03\/home_mainpage-copy-02-64x43.jpg 64w\" sizes=\"(max-width: 1024px) 100vw, 1024px\" \/><\/figure><p class=\"has-text-align-center\"><strong>A kert\u00e9szet P\u00e9cs mellett, a Pell\u00e9rdi Sz\u0151l\u0151hegyen tal\u00e1lhat\u00f3 a G\u00f6rcs\u00f6nyi \u00fatt\u00f3l 150 m-re<\/strong>.<\/p><hr class=\"wp-block-separator has-css-opacity\"\/><h2 class=\"wp-block-heading has-text-align-center\" id=\"novenyek\">N\u00f6v\u00e9nyek<\/h2><hr class=\"wp-block-separator has-css-opacity\"\/><div class=\"wp-block-media-text is-stacked-on-mobile is-image-fill-element is-style-twentytwentyone-border\"><figure class=\"wp-block-media-text__media\"><a href=\"https:\/\/szel-pasztorkerteszet.hu\/?product_cat=arnyekkedvelo-novenyek\"><img decoding=\"async\" width=\"720\" height=\"693\" src=\"https:\/\/szel-pasztorkerteszet.hu\/wp-content\/uploads\/2022\/03\/Screenshot_20220312-221140_Samsung-Internet-1.jpg\" alt=\"\" class=\"wp-image-3307 size-full\" style=\"object-position:50% 50%\" srcset=\"https:\/\/szel-pasztorkerteszet.hu\/wp-content\/uploads\/2022\/03\/Screenshot_20220312-221140_Samsung-Internet-1.jpg 720w, https:\/\/szel-pasztorkerteszet.hu\/wp-content\/uploads\/2022\/03\/Screenshot_20220312-221140_Samsung-Internet-1-300x289.jpg 300w, https:\/\/szel-pasztorkerteszet.hu\/wp-content\/uploads\/2022\/03\/Screenshot_20220312-221140_Samsung-Internet-1-64x62.jpg 64w\" sizes=\"(max-width: 720px) 100vw, 720px\" \/><\/a><\/figure><div class=\"wp-block-media-text__content\"><h2 class=\"wp-block-heading has-text-align-right\"><a href=\"https:\/\/szel-pasztorkerteszet.hu\/?product_cat=arnyekkedvelo-novenyek\">\u00c1rny\u00e9kkedvel\u0151 n\u00f6v\u00e9nyek<\/a><\/h2><\/div><\/div><div class=\"wp-block-media-text has-media-on-the-right is-stacked-on-mobile is-vertically-aligned-center is-image-fill-element is-style-twentytwentyone-border\"><div class=\"wp-block-media-text__content\"><h2 class=\"wp-block-heading\"><a href=\"https:\/\/szel-pasztorkerteszet.hu\/?product_cat=egynyari-novenyek\">Egyny\u00e1ri n\u00f6v\u00e9nyek<\/a><\/h2><\/div><figure class=\"wp-block-media-text__media\"><a href=\"https:\/\/szel-pasztorkerteszet.hu\/?product_cat=egynyari-novenyek\"><img decoding=\"async\" width=\"713\" height=\"530\" src=\"https:\/\/szel-pasztorkerteszet.hu\/wp-content\/uploads\/2022\/03\/Screenshot_20220312-221524_Samsung-Internet-1.jpg\" alt=\"\" class=\"wp-image-3305 size-full\" style=\"object-position:50% 50%\" srcset=\"https:\/\/szel-pasztorkerteszet.hu\/wp-content\/uploads\/2022\/03\/Screenshot_20220312-221524_Samsung-Internet-1.jpg 713w, https:\/\/szel-pasztorkerteszet.hu\/wp-content\/uploads\/2022\/03\/Screenshot_20220312-221524_Samsung-Internet-1-300x223.jpg 300w, https:\/\/szel-pasztorkerteszet.hu\/wp-content\/uploads\/2022\/03\/Screenshot_20220312-221524_Samsung-Internet-1-64x48.jpg 64w\" sizes=\"(max-width: 713px) 100vw, 713px\" \/><\/a><\/figure><\/div><div class=\"wp-block-media-text is-stacked-on-mobile is-image-fill-element is-style-twentytwentyone-border\"><figure class=\"wp-block-media-text__media\"><a href=\"https:\/\/szel-pasztorkerteszet.hu\/?product_cat=evelo-novenyek\"><img loading=\"lazy\" decoding=\"async\" width=\"1000\" height=\"667\" src=\"https:\/\/szel-pasztorkerteszet.hu\/wp-content\/uploads\/2022\/01\/Evelo-novenyek.jpg\" alt=\"\" class=\"wp-image-68 size-full\" style=\"object-position:50% 50%\" srcset=\"https:\/\/szel-pasztorkerteszet.hu\/wp-content\/uploads\/2022\/01\/Evelo-novenyek.jpg 1000w, https:\/\/szel-pasztorkerteszet.hu\/wp-content\/uploads\/2022\/01\/Evelo-novenyek-300x200.jpg 300w, https:\/\/szel-pasztorkerteszet.hu\/wp-content\/uploads\/2022\/01\/Evelo-novenyek-64x43.jpg 64w, https:\/\/szel-pasztorkerteszet.hu\/wp-content\/uploads\/2022\/01\/Evelo-novenyek-768x512.jpg 768w\" sizes=\"(max-width: 1000px) 100vw, 1000px\" \/><\/a><\/figure><div class=\"wp-block-media-text__content\"><h2 class=\"wp-block-heading has-text-align-right\"><a href=\"https:\/\/szel-pasztorkerteszet.hu\/?product_cat=evelo-novenyek\">\u00c9vel\u0151 n\u00f6v\u00e9nyek<\/a><\/h2><\/div><\/div><div class=\"wp-block-media-text has-media-on-the-right is-stacked-on-mobile is-image-fill-element is-style-twentytwentyone-border\"><div class=\"wp-block-media-text__content\"><h2 class=\"wp-block-heading\"><a href=\"https:\/\/szel-pasztorkerteszet.hu\/?product_cat=cserjek-bokrok\">Cserj\u00e9k, bokrok<\/a><\/h2><\/div><figure class=\"wp-block-media-text__media\"><a href=\"https:\/\/szel-pasztorkerteszet.hu\/?product_cat=cserjek-bokrok\"><img loading=\"lazy\" decoding=\"async\" width=\"1024\" height=\"683\" src=\"https:\/\/szel-pasztorkerteszet.hu\/wp-content\/uploads\/2022\/01\/cserjek-1024x683.jpg\" alt=\"\" class=\"wp-image-69 size-full\" style=\"object-position:50% 50%\" srcset=\"https:\/\/szel-pasztorkerteszet.hu\/wp-content\/uploads\/2022\/01\/cserjek-1024x683.jpg 1024w, https:\/\/szel-pasztorkerteszet.hu\/wp-content\/uploads\/2022\/01\/cserjek-300x200.jpg 300w, https:\/\/szel-pasztorkerteszet.hu\/wp-content\/uploads\/2022\/01\/cserjek-64x43.jpg 64w, https:\/\/szel-pasztorkerteszet.hu\/wp-content\/uploads\/2022\/01\/cserjek-768x512.jpg 768w, https:\/\/szel-pasztorkerteszet.hu\/wp-content\/uploads\/2022\/01\/cserjek-1536x1024.jpg 1536w, https:\/\/szel-pasztorkerteszet.hu\/wp-content\/uploads\/2022\/01\/cserjek.jpg 1920w\" sizes=\"(max-width: 1024px) 100vw, 1024px\" \/><\/a><\/figure><\/div><div class=\"wp-block-media-text is-stacked-on-mobile is-image-fill-element is-style-twentytwentyone-border\"><figure class=\"wp-block-media-text__media\"><a href=\"https:\/\/szel-pasztorkerteszet.hu\/?product_cat=bambuszok-diszfuvek-nadak\"><img loading=\"lazy\" decoding=\"async\" width=\"500\" height=\"375\" src=\"https:\/\/szel-pasztorkerteszet.hu\/wp-content\/uploads\/2022\/01\/bambuszok.jpg\" alt=\"\" class=\"wp-image-70 size-full\" style=\"object-position:50% 50%\" srcset=\"https:\/\/szel-pasztorkerteszet.hu\/wp-content\/uploads\/2022\/01\/bambuszok.jpg 500w, https:\/\/szel-pasztorkerteszet.hu\/wp-content\/uploads\/2022\/01\/bambuszok-300x225.jpg 300w, https:\/\/szel-pasztorkerteszet.hu\/wp-content\/uploads\/2022\/01\/bambuszok-64x48.jpg 64w, https:\/\/szel-pasztorkerteszet.hu\/wp-content\/uploads\/2022\/01\/bambuszok-450x338.jpg 450w\" sizes=\"(max-width: 500px) 100vw, 500px\" \/><\/a><\/figure><div class=\"wp-block-media-text__content\"><h2 class=\"wp-block-heading has-text-align-right\"><a href=\"https:\/\/szel-pasztorkerteszet.hu\/?product_cat=bambuszok-diszfuvek-nadak\">Bambuszok, d\u00edszf\u00fcvek, n\u00e1dak<\/a><\/h2><\/div><\/div><div class=\"wp-block-media-text has-media-on-the-right is-stacked-on-mobile is-image-fill-element is-style-twentytwentyone-border\"><div class=\"wp-block-media-text__content\"><h2 class=\"wp-block-heading\"><a href=\"https:\/\/szel-pasztorkerteszet.hu\/?product_cat=gyumolcstermok\">Gy\u00fcm\u00f6lcsterm\u0151k<\/a><\/h2><\/div><figure class=\"wp-block-media-text__media\"><a href=\"https:\/\/szel-pasztorkerteszet.hu\/?product_cat=gyumolcstermok\"><img loading=\"lazy\" decoding=\"async\" width=\"600\" height=\"450\" src=\"https:\/\/szel-pasztorkerteszet.hu\/wp-content\/uploads\/2022\/02\/gyumolcstermok2.jpg\" alt=\"\" class=\"wp-image-347 size-full\" style=\"object-position:50% 50%\" srcset=\"https:\/\/szel-pasztorkerteszet.hu\/wp-content\/uploads\/2022\/02\/gyumolcstermok2.jpg 600w, https:\/\/szel-pasztorkerteszet.hu\/wp-content\/uploads\/2022\/02\/gyumolcstermok2-300x225.jpg 300w, https:\/\/szel-pasztorkerteszet.hu\/wp-content\/uploads\/2022\/02\/gyumolcstermok2-64x48.jpg 64w\" sizes=\"(max-width: 600px) 100vw, 600px\" \/><\/a><\/figure><\/div><div class=\"wp-block-media-text is-stacked-on-mobile is-image-fill-element is-style-twentytwentyone-border\"><figure class=\"wp-block-media-text__media\"><a href=\"https:\/\/szel-pasztorkerteszet.hu\/?product_cat=fuszernovenyek\"><img loading=\"lazy\" decoding=\"async\" width=\"730\" height=\"400\" src=\"https:\/\/szel-pasztorkerteszet.hu\/wp-content\/uploads\/2022\/01\/fuszernovenyek.jpg\" alt=\"\" class=\"wp-image-75 size-full\" style=\"object-position:50% 50%\" srcset=\"https:\/\/szel-pasztorkerteszet.hu\/wp-content\/uploads\/2022\/01\/fuszernovenyek.jpg 730w, https:\/\/szel-pasztorkerteszet.hu\/wp-content\/uploads\/2022\/01\/fuszernovenyek-300x164.jpg 300w, https:\/\/szel-pasztorkerteszet.hu\/wp-content\/uploads\/2022\/01\/fuszernovenyek-64x35.jpg 64w\" sizes=\"(max-width: 730px) 100vw, 730px\" \/><\/a><\/figure><div class=\"wp-block-media-text__content\"><h2 class=\"wp-block-heading has-text-align-right\"><a href=\"https:\/\/szel-pasztorkerteszet.hu\/?product_cat=fuszernovenyek\">F\u0171szern\u00f6v\u00e9nyek<\/a><\/h2><\/div><\/div><div class=\"wp-block-media-text has-media-on-the-right is-stacked-on-mobile is-image-fill-element is-style-twentytwentyone-border\"><div class=\"wp-block-media-text__content\"><h2 class=\"wp-block-heading\"><a href=\"https:\/\/szel-pasztorkerteszet.hu\/?product_cat=formara-nyirt-novenyek\">Form\u00e1ra ny\u00edrt n\u00f6v\u00e9nyek<\/a><\/h2><\/div><figure class=\"wp-block-media-text__media\"><a href=\"https:\/\/szel-pasztorkerteszet.hu\/?product_cat=formara-nyirt-novenyek\"><img loading=\"lazy\" decoding=\"async\" width=\"550\" height=\"366\" src=\"https:\/\/szel-pasztorkerteszet.hu\/wp-content\/uploads\/2022\/01\/formara-nyirt-novenyek.jpg\" alt=\"\" class=\"wp-image-76 size-full\" style=\"object-position:50% 50%\" srcset=\"https:\/\/szel-pasztorkerteszet.hu\/wp-content\/uploads\/2022\/01\/formara-nyirt-novenyek.jpg 550w, https:\/\/szel-pasztorkerteszet.hu\/wp-content\/uploads\/2022\/01\/formara-nyirt-novenyek-300x200.jpg 300w, https:\/\/szel-pasztorkerteszet.hu\/wp-content\/uploads\/2022\/01\/formara-nyirt-novenyek-64x43.jpg 64w\" sizes=\"(max-width: 550px) 100vw, 550px\" \/><\/a><\/figure><\/div><div class=\"wp-block-media-text is-stacked-on-mobile is-image-fill-element is-style-twentytwentyone-border\"><figure class=\"wp-block-media-text__media\"><a href=\"https:\/\/szel-pasztorkerteszet.hu\/?product_cat=orokzold-novenyek\"><img loading=\"lazy\" decoding=\"async\" width=\"758\" height=\"455\" src=\"https:\/\/szel-pasztorkerteszet.hu\/wp-content\/uploads\/2022\/02\/orokzold-novenyek-2.jpg\" alt=\"\" class=\"wp-image-348 size-full\" style=\"object-position:50% 50%\" srcset=\"https:\/\/szel-pasztorkerteszet.hu\/wp-content\/uploads\/2022\/02\/orokzold-novenyek-2.jpg 758w, https:\/\/szel-pasztorkerteszet.hu\/wp-content\/uploads\/2022\/02\/orokzold-novenyek-2-300x180.jpg 300w, https:\/\/szel-pasztorkerteszet.hu\/wp-content\/uploads\/2022\/02\/orokzold-novenyek-2-64x38.jpg 64w\" sizes=\"(max-width: 758px) 100vw, 758px\" \/><\/a><\/figure><div class=\"wp-block-media-text__content\"><h2 class=\"wp-block-heading has-text-align-right\"><a href=\"https:\/\/szel-pasztorkerteszet.hu\/?product_cat=orokzold-novenyek\">\u00d6r\u00f6kz\u00f6ld n\u00f6v\u00e9nyek<\/a><\/h2><\/div><\/div><div class=\"wp-block-media-text has-media-on-the-right is-stacked-on-mobile is-image-fill-element is-style-twentytwentyone-border\"><div class=\"wp-block-media-text__content\"><h2 class=\"wp-block-heading\"><a href=\"https:\/\/szel-pasztorkerteszet.hu\/?product_cat=sziklakerti-novenyek\">Sziklakerti n\u00f6v\u00e9nyek<\/a><\/h2><\/div><figure class=\"wp-block-media-text__media\"><a href=\"https:\/\/szel-pasztorkerteszet.hu\/?product_cat=sziklakerti-novenyek\"><img loading=\"lazy\" decoding=\"async\" width=\"730\" height=\"400\" src=\"https:\/\/szel-pasztorkerteszet.hu\/wp-content\/uploads\/2022\/01\/sziklakerti-novenyek.jpg\" alt=\"\" class=\"wp-image-78 size-full\" style=\"object-position:50% 50%\" srcset=\"https:\/\/szel-pasztorkerteszet.hu\/wp-content\/uploads\/2022\/01\/sziklakerti-novenyek.jpg 730w, https:\/\/szel-pasztorkerteszet.hu\/wp-content\/uploads\/2022\/01\/sziklakerti-novenyek-300x164.jpg 300w, https:\/\/szel-pasztorkerteszet.hu\/wp-content\/uploads\/2022\/01\/sziklakerti-novenyek-64x35.jpg 64w\" sizes=\"(max-width: 730px) 100vw, 730px\" \/><\/a><\/figure><\/div><div class=\"wp-block-media-text is-stacked-on-mobile is-image-fill-element is-style-twentytwentyone-border\"><figure class=\"wp-block-media-text__media\"><a href=\"https:\/\/szel-pasztorkerteszet.hu\/?product_cat=tujak-ciprusok-fenyok\"><img loading=\"lazy\" decoding=\"async\" width=\"640\" height=\"342\" src=\"https:\/\/szel-pasztorkerteszet.hu\/wp-content\/uploads\/2022\/01\/ciprus.jpg\" alt=\"\" class=\"wp-image-96 size-full\" style=\"object-position:50% 50%\" srcset=\"https:\/\/szel-pasztorkerteszet.hu\/wp-content\/uploads\/2022\/01\/ciprus.jpg 640w, https:\/\/szel-pasztorkerteszet.hu\/wp-content\/uploads\/2022\/01\/ciprus-300x160.jpg 300w, https:\/\/szel-pasztorkerteszet.hu\/wp-content\/uploads\/2022\/01\/ciprus-64x34.jpg 64w\" sizes=\"(max-width: 640px) 100vw, 640px\" \/><\/a><\/figure><div class=\"wp-block-media-text__content\"><h2 class=\"wp-block-heading has-text-align-right\"><a href=\"https:\/\/szel-pasztorkerteszet.hu\/?product_cat=tujak-ciprusok-fenyok\">Tuj\u00e1k, ciprusok, feny\u0151k<\/a><\/h2><\/div><\/div><div class=\"wp-block-media-text has-media-on-the-right is-stacked-on-mobile is-image-fill-element is-style-twentytwentyone-border\"><div class=\"wp-block-media-text__content\"><h2 class=\"wp-block-heading\"><a href=\"https:\/\/szel-pasztorkerteszet.hu\/?product_cat=mediterran-novenyek\">Mediterr\u00e1n n\u00f6v\u00e9nyek<\/a><\/h2><\/div><figure class=\"wp-block-media-text__media\"><a href=\"https:\/\/szel-pasztorkerteszet.hu\/?product_cat=mediterran-novenyek\"><img loading=\"lazy\" decoding=\"async\" width=\"720\" height=\"935\" src=\"https:\/\/szel-pasztorkerteszet.hu\/wp-content\/uploads\/2022\/03\/Screenshot_20220313-194028_One-UI-Home.jpg\" alt=\"\" class=\"wp-image-3315 size-full\" style=\"object-position:50% 50%\" srcset=\"https:\/\/szel-pasztorkerteszet.hu\/wp-content\/uploads\/2022\/03\/Screenshot_20220313-194028_One-UI-Home.jpg 720w, https:\/\/szel-pasztorkerteszet.hu\/wp-content\/uploads\/2022\/03\/Screenshot_20220313-194028_One-UI-Home-231x300.jpg 231w, https:\/\/szel-pasztorkerteszet.hu\/wp-content\/uploads\/2022\/03\/Screenshot_20220313-194028_One-UI-Home-300x390.jpg 300w, https:\/\/szel-pasztorkerteszet.hu\/wp-content\/uploads\/2022\/03\/Screenshot_20220313-194028_One-UI-Home-64x83.jpg 64w\" sizes=\"(max-width: 720px) 100vw, 720px\" \/><\/a><\/figure><\/div><div class=\"wp-block-media-text is-stacked-on-mobile is-image-fill-element is-style-twentytwentyone-border\"><figure class=\"wp-block-media-text__media\"><a href=\"https:\/\/szel-pasztorkerteszet.hu\/?product_cat=diszfak\"><img loading=\"lazy\" decoding=\"async\" width=\"720\" height=\"566\" src=\"https:\/\/szel-pasztorkerteszet.hu\/wp-content\/uploads\/2022\/03\/Screenshot_20220312-222946_Samsung-Internet-1.jpg\" alt=\"\" class=\"wp-image-3303 size-full\" style=\"object-position:50% 50%\" srcset=\"https:\/\/szel-pasztorkerteszet.hu\/wp-content\/uploads\/2022\/03\/Screenshot_20220312-222946_Samsung-Internet-1.jpg 720w, https:\/\/szel-pasztorkerteszet.hu\/wp-content\/uploads\/2022\/03\/Screenshot_20220312-222946_Samsung-Internet-1-300x236.jpg 300w, https:\/\/szel-pasztorkerteszet.hu\/wp-content\/uploads\/2022\/03\/Screenshot_20220312-222946_Samsung-Internet-1-64x50.jpg 64w\" sizes=\"(max-width: 720px) 100vw, 720px\" \/><\/a><\/figure><div class=\"wp-block-media-text__content\"><h2 class=\"wp-block-heading has-text-align-right\"><a href=\"https:\/\/szel-pasztorkerteszet.hu\/?product_cat=diszfak\">D\u00edszf\u00e1k<\/a><\/h2><\/div><\/div><div class=\"wp-block-media-text has-media-on-the-right is-stacked-on-mobile is-image-fill-element is-style-twentytwentyone-border\"><div class=\"wp-block-media-text__content\"><h2 class=\"wp-block-heading has-text-align-right\"><a href=\"https:\/\/szel-pasztorkerteszet.hu\/?product_cat=akcios-termekek\">Akci\u00f3s term\u00e9kek<\/a><\/h2><\/div><figure class=\"wp-block-media-text__media\"><a href=\"https:\/\/szel-pasztorkerteszet.hu\/?product_cat=akcios-termekek\"><img loading=\"lazy\" decoding=\"async\" width=\"1024\" height=\"768\" src=\"https:\/\/szel-pasztorkerteszet.hu\/wp-content\/uploads\/2022\/01\/akcios-kep-1024x768.png\" alt=\"\" class=\"wp-image-65 size-full\" style=\"object-position:50% 50%\" srcset=\"https:\/\/szel-pasztorkerteszet.hu\/wp-content\/uploads\/2022\/01\/akcios-kep-1024x768.png 1024w, https:\/\/szel-pasztorkerteszet.hu\/wp-content\/uploads\/2022\/01\/akcios-kep-300x225.png 300w, https:\/\/szel-pasztorkerteszet.hu\/wp-content\/uploads\/2022\/01\/akcios-kep-64x48.png 64w, https:\/\/szel-pasztorkerteszet.hu\/wp-content\/uploads\/2022\/01\/akcios-kep-768x576.png 768w, https:\/\/szel-pasztorkerteszet.hu\/wp-content\/uploads\/2022\/01\/akcios-kep-1536x1152.png 1536w, https:\/\/szel-pasztorkerteszet.hu\/wp-content\/uploads\/2022\/01\/akcios-kep.png 1592w\" sizes=\"(max-width: 1024px) 100vw, 1024px\" \/><\/a><\/figure><\/div><hr class=\"wp-block-separator has-css-opacity\"\/><h2 class=\"wp-block-heading has-text-align-center\" id=\"kiegeszito-termekek\">Kieg\u00e9sz\u00edt\u0151 kert\u00e9szeti term\u00e9kek<\/h2><hr class=\"wp-block-separator has-css-opacity\"\/><div class=\"wp-block-media-text has-media-on-the-right is-stacked-on-mobile is-image-fill-element is-style-twentytwentyone-border\"><div class=\"wp-block-media-text__content\"><h2 class=\"wp-block-heading\"><a href=\"https:\/\/szel-pasztorkerteszet.hu\/?product_cat=viragfoldek\">Vir\u00e1gf\u00f6ldek<\/a><\/h2><\/div><figure class=\"wp-block-media-text__media\"><a href=\"https:\/\/szel-pasztorkerteszet.hu\/?product_cat=viragfoldek\"><img loading=\"lazy\" decoding=\"async\" width=\"500\" height=\"375\" src=\"https:\/\/szel-pasztorkerteszet.hu\/wp-content\/uploads\/2022\/02\/viragfold.jpg\" alt=\"\" class=\"wp-image-120 size-full\" style=\"object-position:50% 50%\" srcset=\"https:\/\/szel-pasztorkerteszet.hu\/wp-content\/uploads\/2022\/02\/viragfold.jpg 500w, https:\/\/szel-pasztorkerteszet.hu\/wp-content\/uploads\/2022\/02\/viragfold-300x225.jpg 300w, https:\/\/szel-pasztorkerteszet.hu\/wp-content\/uploads\/2022\/02\/viragfold-64x48.jpg 64w, https:\/\/szel-pasztorkerteszet.hu\/wp-content\/uploads\/2022\/02\/viragfold-450x338.jpg 450w\" sizes=\"(max-width: 500px) 100vw, 500px\" \/><\/a><\/figure><\/div><div class=\"wp-block-media-text is-stacked-on-mobile is-image-fill-element is-style-twentytwentyone-border\"><figure class=\"wp-block-media-text__media\"><a href=\"https:\/\/szel-pasztorkerteszet.hu\/?product_cat=viragtapok-mutragyak\"><img loading=\"lazy\" decoding=\"async\" width=\"300\" height=\"300\" src=\"https:\/\/szel-pasztorkerteszet.hu\/wp-content\/uploads\/2022\/02\/viragtap2.jpg\" alt=\"\" class=\"wp-image-125 size-full\" style=\"object-position:50% 50%\"\/><\/a><\/figure><div class=\"wp-block-media-text__content\"><h2 class=\"wp-block-heading has-text-align-right\"><a href=\"https:\/\/szel-pasztorkerteszet.hu\/?product_cat=viragtapok-mutragyak\">Vir\u00e1gt\u00e1pok, m\u0171tr\u00e1gy\u00e1k<\/a><\/h2><\/div><\/div><div class=\"wp-block-media-text has-media-on-the-right is-stacked-on-mobile is-image-fill-element is-style-twentytwentyone-border\"><div class=\"wp-block-media-text__content\"><h2 class=\"wp-block-heading\"><a href=\"https:\/\/szel-pasztorkerteszet.hu\/?product_cat=kaspok-edenyek\">Kasp\u00f3k, ed\u00e9nyek<\/a><\/h2><\/div><figure class=\"wp-block-media-text__media\"><a href=\"https:\/\/szel-pasztorkerteszet.hu\/?product_cat=kaspok-edenyek\"><img loading=\"lazy\" decoding=\"async\" width=\"720\" height=\"431\" src=\"https:\/\/szel-pasztorkerteszet.hu\/wp-content\/uploads\/2022\/03\/Screenshot_20220312-220739_Samsung-Internet-1.jpg\" alt=\"\" class=\"wp-image-3308 size-full\" style=\"object-position:50% 50%\" srcset=\"https:\/\/szel-pasztorkerteszet.hu\/wp-content\/uploads\/2022\/03\/Screenshot_20220312-220739_Samsung-Internet-1.jpg 720w, https:\/\/szel-pasztorkerteszet.hu\/wp-content\/uploads\/2022\/03\/Screenshot_20220312-220739_Samsung-Internet-1-300x180.jpg 300w, https:\/\/szel-pasztorkerteszet.hu\/wp-content\/uploads\/2022\/03\/Screenshot_20220312-220739_Samsung-Internet-1-64x38.jpg 64w\" sizes=\"(max-width: 720px) 100vw, 720px\" \/><\/a><\/figure><\/div><div class=\"wp-block-media-text is-stacked-on-mobile is-image-fill-element is-style-twentytwentyone-border\"><figure class=\"wp-block-media-text__media\"><a href=\"https:\/\/szel-pasztorkerteszet.hu\/?product_cat=ajandekutalvany\"><img loading=\"lazy\" decoding=\"async\" width=\"1024\" height=\"555\" src=\"https:\/\/szel-pasztorkerteszet.hu\/wp-content\/uploads\/2022\/02\/ajandekutalvany-1024x555.jpg\" alt=\"\" class=\"wp-image-127 size-full\" style=\"object-position:50% 50%\" srcset=\"https:\/\/szel-pasztorkerteszet.hu\/wp-content\/uploads\/2022\/02\/ajandekutalvany-1024x555.jpg 1024w, https:\/\/szel-pasztorkerteszet.hu\/wp-content\/uploads\/2022\/02\/ajandekutalvany-300x163.jpg 300w, https:\/\/szel-pasztorkerteszet.hu\/wp-content\/uploads\/2022\/02\/ajandekutalvany-64x35.jpg 64w, https:\/\/szel-pasztorkerteszet.hu\/wp-content\/uploads\/2022\/02\/ajandekutalvany-768x416.jpg 768w, https:\/\/szel-pasztorkerteszet.hu\/wp-content\/uploads\/2022\/02\/ajandekutalvany-1536x832.jpg 1536w, https:\/\/szel-pasztorkerteszet.hu\/wp-content\/uploads\/2022\/02\/ajandekutalvany-2048x1110.jpg 2048w\" sizes=\"(max-width: 1024px) 100vw, 1024px\" \/><\/a><\/figure><div class=\"wp-block-media-text__content\"><h2 class=\"wp-block-heading has-text-align-right\"><a href=\"https:\/\/szel-pasztorkerteszet.hu\/?product_cat=ajandekutalvany\">Aj\u00e1nd\u00e9kutalv\u00e1ny<\/a><\/h2><\/div><\/div><h3 class=\"wp-block-heading has-text-align-center\"><a href=\"https:\/\/www.google.com\/maps\/place\/Sz%C3%A9l+%26+P%C3%A1sztor+Kert%C3%A9szet+Pell%C3%A9rd\/@46.0187032,18.158385,14z\/data=!4m5!3m4!1s0x0:0xe4fa37ec8952725f!8m2!3d46.0194196!4d18.1585491\" title=\"\">\u00datvonal tervez\u00e9s a kert\u00e9szethez<\/a><\/h3>","protected":false},"excerpt":{"rendered":"<p>&#8222;Kert\u00e9szet\u00fcnk P\u00e9cs mellett, a Pell\u00e9rdi Sz\u0151l\u0151hegyen tal\u00e1lhat\u00f3 a G\u00f6rcs\u00f6nyi \u00fatt\u00f3l 150 m-re. N\u00f6v\u00e9nyek \u00c1rny\u00e9kkedvel\u0151 n\u00f6v\u00e9nyek Egyny\u00e1ri n\u00f6v\u00e9nyek \u00c9vel\u0151 n\u00f6v\u00e9nyek Cserj\u00e9k, bokrok Bambuszok, d\u00edszf\u00fcvek, Kert\u00e9szet\u00fcnk P\u00e9cst\u0151l 6 km-re, a Pell\u00e9rdi Sz\u0151l\u0151hegyen csal\u00e1di v\u00e1llalkoz\u00e1sk\u00e9nt m\u0171k\u00f6dik. F\u0151 profilunk szabadf\u00f6ldi \u00e9vel\u0151 n\u00f6v\u00e9nyek \u00e9rt\u00e9kes\u00edt\u00e9se. K\u00edn\u00e1latunkban megtal\u00e1lhat\u00f3ak l\u00e1gysz\u00e1r\u00fa \u00e9vel\u0151k, \u00f6r\u00f6kz\u00f6ldek, lombhullat\u00f3 cserj\u00e9k, d\u00edszf\u00e1k \u00e9s forma n\u00f6v\u00e9nyek is. Ezenk\u00edv\u00fcl a tavaszi szezonban egyny\u00e1ri n\u00f6v\u00e9nyeket \u00e9s z\u00f6lds\u00e9gpal\u00e1nt\u00e1kat is \u00e1rus\u00edtunk. Sz\u00e1munkra nagyon fontos a n\u00f6v\u00e9nyeink min\u0151s\u00e9ge \u00e9s v\u00e1s\u00e1rl\u00f3ink el\u00e9gedetts\u00e9ge \u00e9s ennek \u00e9rdek\u00e9ben mindent meg is tesz\u00fcnk!<\/p>\n","protected":false},"author":1,"featured_media":0,"parent":0,"menu_order":0,"comment_status":"closed","ping_status":"closed","template":"","meta":{"_monsterinsights_skip_tracking":false,"_monsterinsights_sitenote_active":false,"_monsterinsights_sitenote_note":"","_monsterinsights_sitenote_category":0,"footnotes":""},"class_list":["post-319","page","type-page","status-publish","hentry"],"aioseo_notices":[],"_links":{"self":[{"href":"https:\/\/szel-pasztorkerteszet.hu\/index.php?rest_route=\/wp\/v2\/pages\/319","targetHints":{"allow":["GET"]}}],"collection":[{"href":"https:\/\/szel-pasztorkerteszet.hu\/index.php?rest_route=\/wp\/v2\/pages"}],"about":[{"href":"https:\/\/szel-pasztorkerteszet.hu\/index.php?rest_route=\/wp\/v2\/types\/page"}],"author":[{"embeddable":true,"href":"https:\/\/szel-pasztorkerteszet.hu\/index.php?rest_route=\/wp\/v2\/users\/1"}],"replies":[{"embeddable":true,"href":"https:\/\/szel-pasztorkerteszet.hu\/index.php?rest_route=%2Fwp%2Fv2%2Fcomments&post=319"}],"version-history":[{"count":5,"href":"https:\/\/szel-pasztorkerteszet.hu\/index.php?rest_route=\/wp\/v2\/pages\/319\/revisions"}],"predecessor-version":[{"id":7887,"href":"https:\/\/szel-pasztorkerteszet.hu\/index.php?rest_route=\/wp\/v2\/pages\/319\/revisions\/7887"}],"wp:attachment":[{"href":"https:\/\/szel-pasztorkerteszet.hu\/index.php?rest_route=%2Fwp%2Fv2%2Fmedia&parent=319"}],"curies":[{"name":"wp","href":"https:\/\/api.w.org\/{rel}","templated":true}]}}