{"id":1489,"date":"2022-02-18T06:43:41","date_gmt":"2022-02-18T06:43:41","guid":{"rendered":"https:\/\/szel-pasztorkerteszet.hu\/?post_type=product&#038;p=1489"},"modified":"2026-04-15T14:28:09","modified_gmt":"2026-04-15T14:28:09","slug":"salvia-nemorosa-ostfriesland-ligeti-zsalya","status":"publish","type":"product","link":"https:\/\/szel-pasztorkerteszet.hu\/?product=salvia-nemorosa-ostfriesland-ligeti-zsalya","title":{"rendered":"Salvia nemorosa &#8216;Mainacht&#8217;\/ Ligeti zs\u00e1lya"},"content":{"rendered":"<p>Salvia nemerosa &#8216;Mainacht&#8217;- Ligeti zs\u00e1lya<\/p>\n<p>Kb 60 cm magas, bokros n\u00f6veked\u00e9s\u0171 \u00e9vel\u0151. S\u00f6t\u00e9tlila f\u00fcz\u00e9rvir\u00e1gzat\u00e1t j\u00faniust\u00f3l augusztusig hozza. Napos, sz\u00e1razabb talajon fejl\u0151dik a legjobban. Csoportosan \u00e9s \u00f6nmag\u00e1ban \u00fcltetve is nagyon j\u00f3l mutat. \u0150sszel, k\u00f6zvetlen\u00fcl a vir\u00e1gz\u00e1s ut\u00e1n, aj\u00e1nlatos vissza v\u00e1gni.<\/p>\n<p>A term\u00e9ket 14 cm-es cser\u00e9pben sz\u00e1ll\u00edtjuk!<\/p>\n","protected":false},"excerpt":{"rendered":"<p>Salvia nemerosa &#8216;Mainacht&#8217;- Ligeti zs\u00e1lya Kb 60 cm magas, bokros n\u00f6veked\u00e9s\u0171 \u00e9vel\u0151. S\u00f6t\u00e9tlila f\u00fcz\u00e9rvir\u00e1gzat\u00e1t j\u00faniust\u00f3l augusztusig hozza. Napos, sz\u00e1razabb talajon fejl\u0151dik a legjobban. Csoportosan \u00e9s \u00f6nmag\u00e1ban \u00fcltetve is nagyon j\u00f3l mutat. \u0150sszel, k\u00f6zvetlen\u00fcl a vir\u00e1gz\u00e1s ut\u00e1n, aj\u00e1nlatos vissza v\u00e1gni. A term\u00e9ket 14 cm-es cser\u00e9pben sz\u00e1ll\u00edtjuk!<\/p>\n","protected":false},"featured_media":1471,"comment_status":"open","ping_status":"closed","template":"","meta":{"_monsterinsights_skip_tracking":false,"_monsterinsights_sitenote_active":false,"_monsterinsights_sitenote_note":"","_monsterinsights_sitenote_category":0},"product_brand":[],"product_cat":[21],"product_tag":[65,53,62],"class_list":{"0":"post-1489","1":"product","2":"type-product","3":"status-publish","4":"has-post-thumbnail","6":"product_cat-evelo-novenyek","7":"product_tag-nyar","8":"product_tag-szarazsag","9":"product_tag-zsalya","11":"first","12":"instock","13":"taxable","14":"shipping-taxable","15":"purchasable","16":"product-type-simple"},"aioseo_notices":[],"_links":{"self":[{"href":"https:\/\/szel-pasztorkerteszet.hu\/index.php?rest_route=\/wp\/v2\/product\/1489","targetHints":{"allow":["GET"]}}],"collection":[{"href":"https:\/\/szel-pasztorkerteszet.hu\/index.php?rest_route=\/wp\/v2\/product"}],"about":[{"href":"https:\/\/szel-pasztorkerteszet.hu\/index.php?rest_route=\/wp\/v2\/types\/product"}],"replies":[{"embeddable":true,"href":"https:\/\/szel-pasztorkerteszet.hu\/index.php?rest_route=%2Fwp%2Fv2%2Fcomments&post=1489"}],"wp:featuredmedia":[{"embeddable":true,"href":"https:\/\/szel-pasztorkerteszet.hu\/index.php?rest_route=\/wp\/v2\/media\/1471"}],"wp:attachment":[{"href":"https:\/\/szel-pasztorkerteszet.hu\/index.php?rest_route=%2Fwp%2Fv2%2Fmedia&parent=1489"}],"wp:term":[{"taxonomy":"product_brand","embeddable":true,"href":"https:\/\/szel-pasztorkerteszet.hu\/index.php?rest_route=%2Fwp%2Fv2%2Fproduct_brand&post=1489"},{"taxonomy":"product_cat","embeddable":true,"href":"https:\/\/szel-pasztorkerteszet.hu\/index.php?rest_route=%2Fwp%2Fv2%2Fproduct_cat&post=1489"},{"taxonomy":"product_tag","embeddable":true,"href":"https:\/\/szel-pasztorkerteszet.hu\/index.php?rest_route=%2Fwp%2Fv2%2Fproduct_tag&post=1489"}],"curies":[{"name":"wp","href":"https:\/\/api.w.org\/{rel}","templated":true}]}}

Salvia nemorosa &#8216;Mainacht&#8217;/ Ligeti zsálya

<p>Salvia nemerosa &#8216;Mainacht&#8217;- Ligeti zsálya</p>
<p>Kb 60 cm magas, bokros növekedésű évelő. Sötétlila füzérvirágzatát júniustól augusztusig hozza. Napos, szárazabb talajon fejlődik a legjobban. Csoportosan és önmagában ültetve is nagyon jól mutat. Ősszel, közvetlenül a virágzás után, ajánlatos vissza vágni.</p>
<p>A terméket 14 cm-es cserépben szállítjuk!</p>

<p>Salvia nemerosa &#8216;Mainacht&#8217;- Ligeti zsálya Kb 60 cm magas, bokros növekedésű évelő. Sötétlila füzérvirágzatát júniustól augusztusig hozza. Napos, szárazabb talajon fejlődik a legjobban. Csoportosan és önmagában ültetve is nagyon jól mutat. Ősszel, közvetlenül a virágzás után, ajánlatos vissza vágni. A terméket 14 cm-es cserépben szállítjuk!</p>
