{"id":1501,"date":"2022-02-18T07:59:55","date_gmt":"2022-02-18T07:59:55","guid":{"rendered":"https:\/\/szel-pasztorkerteszet.hu\/?post_type=product&#038;p=1501"},"modified":"2026-04-15T14:27:25","modified_gmt":"2026-04-15T14:27:25","slug":"pulsatilla-vulgaris-red-bells-nyugati-kokorcsin","status":"publish","type":"product","link":"https:\/\/szel-pasztorkerteszet.hu\/?product=pulsatilla-vulgaris-red-bells-nyugati-kokorcsin","title":{"rendered":"Pulsatilla vulgaris &#8216;Rubra&#8217;\/ Nyugati k\u00f6k\u00f6rcsin"},"content":{"rendered":"<p>Pulsatilla vulgaris &#8216;Rubra&#8217;- Nyugati k\u00f6k\u00f6rcsin<\/p>\n<p>Kb 20-30 cm magas, selymesen gyapjas \u00e9vel\u0151. S\u00f6t\u00e9t bord\u00f3sv\u00f6r\u00f6s harang alak\u00fa vir\u00e1gait kora tavasszal m\u00e1rcius- \u00e1prilisban hozza. Napos vagy f\u00e9l\u00e1rny\u00e9kos helyre \u00fcltess\u00fck. Laza, k\u00f6zepesen t\u00e1panyagd\u00fas talajban fejl\u0151dik a legszebben. Alkalmas sziklakertbe, de \u00f6n\u00e1ll\u00f3an vagy kisebb csoportba \u00fcltetve is nagyon j\u00f3l mutat.<\/p>\n<p>A term\u00e9ket 9&#215;9 cm-es cser\u00e9pben sz\u00e1ll\u00edtjuk!<\/p>\n<p>T\u00e9l\u00e1ll\u00f3s\u00e1gi z\u00f3na: 4a -34,4 C<\/p>\n","protected":false},"excerpt":{"rendered":"<p>Pulsatilla vulgaris &#8216;Rubra&#8217;- Nyugati k\u00f6k\u00f6rcsin Kb 20-30 cm magas, selymesen gyapjas \u00e9vel\u0151. S\u00f6t\u00e9t bord\u00f3sv\u00f6r\u00f6s harang alak\u00fa vir\u00e1gait kora tavasszal m\u00e1rcius- \u00e1prilisban hozza. Napos vagy f\u00e9l\u00e1rny\u00e9kos helyre \u00fcltess\u00fck. Laza, k\u00f6zepesen t\u00e1panyagd\u00fas talajban fejl\u0151dik a legszebben. Alkalmas sziklakertbe, de \u00f6n\u00e1ll\u00f3an vagy kisebb csoportba \u00fcltetve is nagyon j\u00f3l mutat. A term\u00e9ket 9&#215;9 cm-es cser\u00e9pben sz\u00e1ll\u00edtjuk! T\u00e9l\u00e1ll\u00f3s\u00e1gi z\u00f3na: 4a [&hellip;]<\/p>\n","protected":false},"featured_media":1460,"comment_status":"open","ping_status":"closed","template":"","meta":{"_monsterinsights_skip_tracking":false,"_monsterinsights_sitenote_active":false,"_monsterinsights_sitenote_note":"","_monsterinsights_sitenote_category":0},"product_brand":[],"product_cat":[21,35],"product_tag":[74,75,52,56],"class_list":{"0":"post-1501","1":"product","2":"type-product","3":"status-publish","4":"has-post-thumbnail","6":"product_cat-evelo-novenyek","7":"product_cat-sziklakerti-novenyek","8":"product_tag-kokorcsin","9":"product_tag-piros","10":"product_tag-sziklakert","11":"product_tag-tavasz","13":"first","14":"instock","15":"taxable","16":"shipping-taxable","17":"purchasable","18":"product-type-simple"},"aioseo_notices":[],"_links":{"self":[{"href":"https:\/\/szel-pasztorkerteszet.hu\/index.php?rest_route=\/wp\/v2\/product\/1501","targetHints":{"allow":["GET"]}}],"collection":[{"href":"https:\/\/szel-pasztorkerteszet.hu\/index.php?rest_route=\/wp\/v2\/product"}],"about":[{"href":"https:\/\/szel-pasztorkerteszet.hu\/index.php?rest_route=\/wp\/v2\/types\/product"}],"replies":[{"embeddable":true,"href":"https:\/\/szel-pasztorkerteszet.hu\/index.php?rest_route=%2Fwp%2Fv2%2Fcomments&post=1501"}],"wp:featuredmedia":[{"embeddable":true,"href":"https:\/\/szel-pasztorkerteszet.hu\/index.php?rest_route=\/wp\/v2\/media\/1460"}],"wp:attachment":[{"href":"https:\/\/szel-pasztorkerteszet.hu\/index.php?rest_route=%2Fwp%2Fv2%2Fmedia&parent=1501"}],"wp:term":[{"taxonomy":"product_brand","embeddable":true,"href":"https:\/\/szel-pasztorkerteszet.hu\/index.php?rest_route=%2Fwp%2Fv2%2Fproduct_brand&post=1501"},{"taxonomy":"product_cat","embeddable":true,"href":"https:\/\/szel-pasztorkerteszet.hu\/index.php?rest_route=%2Fwp%2Fv2%2Fproduct_cat&post=1501"},{"taxonomy":"product_tag","embeddable":true,"href":"https:\/\/szel-pasztorkerteszet.hu\/index.php?rest_route=%2Fwp%2Fv2%2Fproduct_tag&post=1501"}],"curies":[{"name":"wp","href":"https:\/\/api.w.org\/{rel}","templated":true}]}}

Pulsatilla vulgaris &#8216;Rubra&#8217;/ Nyugati kökörcsin

<p>Pulsatilla vulgaris &#8216;Rubra&#8217;- Nyugati kökörcsin</p>
<p>Kb 20-30 cm magas, selymesen gyapjas évelő. Sötét bordósvörös harang alakú virágait kora tavasszal március- áprilisban hozza. Napos vagy félárnyékos helyre ültessük. Laza, közepesen tápanyagdús talajban fejlődik a legszebben. Alkalmas sziklakertbe, de önállóan vagy kisebb csoportba ültetve is nagyon jól mutat.</p>
<p>A terméket 9&#215;9 cm-es cserépben szállítjuk!</p>
<p>Télállósági zóna: 4a -34,4 C</p>

<p>Pulsatilla vulgaris &#8216;Rubra&#8217;- Nyugati kökörcsin Kb 20-30 cm magas, selymesen gyapjas évelő. Sötét bordósvörös harang alakú virágait kora tavasszal március- áprilisban hozza. Napos vagy félárnyékos helyre ültessük. Laza, közepesen tápanyagdús talajban fejlődik a legszebben. Alkalmas sziklakertbe, de önállóan vagy kisebb csoportba ültetve is nagyon jól mutat. A terméket 9&#215;9 cm-es cserépben szállítjuk! Télállósági zóna: 4a [&hellip;]</p>
