{"id":1599,"date":"2022-02-20T15:10:55","date_gmt":"2022-02-20T15:10:55","guid":{"rendered":"https:\/\/szel-pasztorkerteszet.hu\/?post_type=product&#038;p=1599"},"modified":"2026-03-08T17:31:20","modified_gmt":"2026-03-08T17:31:20","slug":"lavandula-angustifolia-nana-alba-angol-levendula-feher","status":"publish","type":"product","link":"https:\/\/szel-pasztorkerteszet.hu\/?product=lavandula-angustifolia-nana-alba-angol-levendula-feher","title":{"rendered":"Lavandula x intermedia &#8216;Edelweiss&#8217;\/ Francia levendula, feh\u00e9r"},"content":{"rendered":"<p>Lavandula x intermedia &#8216;Edelweiss&#8217;-\u00a0 Francia levendula<\/p>\n<p>Er\u0151s \u00e1grendszer\u0171, gyorsan fejl\u0151d\u0151, k\u00f6z\u00e9p m\u00e9ret\u0171 60-80 cm-es cserje. A bokrok \u00e1tm\u00e9r\u0151je 50-100 cm. Vir\u00e1gai feh\u00e9rek j\u00faniust\u00f3l- augusztusig ny\u00edlnak. A n\u00f6v\u00e9ny nagyon illatos, riasztja a tetveket, sz\u00e1r\u00edtva sok\u00e1ig el\u00e1ll. Napos, v\u00e9dett, t\u00e1panyagban szeg\u00e9ny talajon sz\u00e9pen fejl\u0151dik. \u00c9vente 1x, a n\u00f6v\u00e9ny harmad\u00e1ig v\u00e1gjuk vissza, hogy megel\u0151zz\u00fck a f\u00e1sod\u00e1st. \u00dcltethetj\u00fck sziklakertbe, alacsony s\u00f6v\u00e9nyk\u00e9nt, de szoliternek is alkalmas.<\/p>\n<p>A term\u00e9ket 14cm-es cser\u00e9pben sz\u00e1ll\u00edtjuk!<\/p>\n<p>&nbsp;<\/p>\n<p>&nbsp;<\/p>\n","protected":false},"excerpt":{"rendered":"<p>Lavandula x intermedia &#8216;Edelweiss&#8217;-\u00a0 Francia levendula Er\u0151s \u00e1grendszer\u0171, gyorsan fejl\u0151d\u0151, k\u00f6z\u00e9p m\u00e9ret\u0171 60-80 cm-es cserje. A bokrok \u00e1tm\u00e9r\u0151je 50-100 cm. Vir\u00e1gai feh\u00e9rek j\u00faniust\u00f3l- augusztusig ny\u00edlnak. A n\u00f6v\u00e9ny nagyon illatos, riasztja a tetveket, sz\u00e1r\u00edtva sok\u00e1ig el\u00e1ll. Napos, v\u00e9dett, t\u00e1panyagban szeg\u00e9ny talajon sz\u00e9pen fejl\u0151dik. \u00c9vente 1x, a n\u00f6v\u00e9ny harmad\u00e1ig v\u00e1gjuk vissza, hogy megel\u0151zz\u00fck a f\u00e1sod\u00e1st. \u00dcltethetj\u00fck sziklakertbe, [&hellip;]<\/p>\n","protected":false},"featured_media":1347,"comment_status":"open","ping_status":"closed","template":"","meta":{"_monsterinsights_skip_tracking":false,"_monsterinsights_sitenote_active":false,"_monsterinsights_sitenote_note":"","_monsterinsights_sitenote_category":0},"product_brand":[],"product_cat":[26,21,35],"product_tag":[59,64,899,132],"class_list":{"0":"post-1599","1":"product","2":"type-product","3":"status-publish","4":"has-post-thumbnail","6":"product_cat-cserjek-bokrok","7":"product_cat-evelo-novenyek","8":"product_cat-sziklakerti-novenyek","9":"product_tag-evelo","10":"product_tag-feher","11":"product_tag-francia-levendula","12":"product_tag-levendula","14":"first","15":"instock","16":"taxable","17":"shipping-taxable","18":"purchasable","19":"product-type-simple"},"aioseo_notices":[],"_links":{"self":[{"href":"https:\/\/szel-pasztorkerteszet.hu\/index.php?rest_route=\/wp\/v2\/product\/1599","targetHints":{"allow":["GET"]}}],"collection":[{"href":"https:\/\/szel-pasztorkerteszet.hu\/index.php?rest_route=\/wp\/v2\/product"}],"about":[{"href":"https:\/\/szel-pasztorkerteszet.hu\/index.php?rest_route=\/wp\/v2\/types\/product"}],"replies":[{"embeddable":true,"href":"https:\/\/szel-pasztorkerteszet.hu\/index.php?rest_route=%2Fwp%2Fv2%2Fcomments&post=1599"}],"wp:featuredmedia":[{"embeddable":true,"href":"https:\/\/szel-pasztorkerteszet.hu\/index.php?rest_route=\/wp\/v2\/media\/1347"}],"wp:attachment":[{"href":"https:\/\/szel-pasztorkerteszet.hu\/index.php?rest_route=%2Fwp%2Fv2%2Fmedia&parent=1599"}],"wp:term":[{"taxonomy":"product_brand","embeddable":true,"href":"https:\/\/szel-pasztorkerteszet.hu\/index.php?rest_route=%2Fwp%2Fv2%2Fproduct_brand&post=1599"},{"taxonomy":"product_cat","embeddable":true,"href":"https:\/\/szel-pasztorkerteszet.hu\/index.php?rest_route=%2Fwp%2Fv2%2Fproduct_cat&post=1599"},{"taxonomy":"product_tag","embeddable":true,"href":"https:\/\/szel-pasztorkerteszet.hu\/index.php?rest_route=%2Fwp%2Fv2%2Fproduct_tag&post=1599"}],"curies":[{"name":"wp","href":"https:\/\/api.w.org\/{rel}","templated":true}]}}

Lavandula x intermedia &#8216;Edelweiss&#8217;/ Francia levendula, fehér

<p>Lavandula x intermedia &#8216;Edelweiss&#8217;-  Francia levendula</p>
<p>Erős ágrendszerű, gyorsan fejlődő, közép méretű 60-80 cm-es cserje. A bokrok átmérője 50-100 cm. Virágai fehérek júniustól- augusztusig nyílnak. A növény nagyon illatos, riasztja a tetveket, szárítva sokáig eláll. Napos, védett, tápanyagban szegény talajon szépen fejlődik. Évente 1x, a növény harmadáig vágjuk vissza, hogy megelőzzük a fásodást. Ültethetjük sziklakertbe, alacsony sövényként, de szoliternek is alkalmas.</p>
<p>A terméket 14cm-es cserépben szállítjuk!</p>
<p>&nbsp;</p>
<p>&nbsp;</p>

<p>Lavandula x intermedia &#8216;Edelweiss&#8217;-  Francia levendula Erős ágrendszerű, gyorsan fejlődő, közép méretű 60-80 cm-es cserje. A bokrok átmérője 50-100 cm. Virágai fehérek júniustól- augusztusig nyílnak. A növény nagyon illatos, riasztja a tetveket, szárítva sokáig eláll. Napos, védett, tápanyagban szegény talajon szépen fejlődik. Évente 1x, a növény harmadáig vágjuk vissza, hogy megelőzzük a fásodást. Ültethetjük sziklakertbe, [&hellip;]</p>
