{"id":1616,"date":"2022-02-21T10:00:56","date_gmt":"2022-02-21T10:00:56","guid":{"rendered":"https:\/\/szel-pasztorkerteszet.hu\/?post_type=product&#038;p=1616"},"modified":"2026-03-08T17:30:01","modified_gmt":"2026-03-08T17:30:01","slug":"heuchera-villosa-caramel-tuzeso-tuzgyongyvirag","status":"publish","type":"product","link":"https:\/\/szel-pasztorkerteszet.hu\/?product=heuchera-villosa-caramel-tuzeso-tuzgyongyvirag","title":{"rendered":"Heuchera villosa &#8216;Caramel&#8217;\/ T\u0171zes\u0151 (T\u0171zgy\u00f6ngyvir\u00e1g)"},"content":{"rendered":"<p>Heuchera villosa &#8216;Caramel&#8217;- T\u0171zes\u0151<\/p>\n<p>A t\u0171zes\u0151 igazi sz\u00ednkavalk\u00e1d, levelei tavaszt\u00f3l \u0151szig v\u00e1ltoztatj\u00e1k a sz\u00edn\u0171ket. Magass\u00e1ga 30-50 cm k\u00f6r\u00fcli, sz\u00e9less\u00e9ge40-50 cm. Vir\u00e1gai merev hossz\u00fa sz\u00e1ron ny\u00falnak a levelek f\u00f6l\u00e9 \u00e9s apr\u00f3 feh\u00e9r harangocsk\u00e1kb\u00f3l \u00e1llnak, v\u00e1gott vir\u00e1gnak is alkalmas. Az \u00e1rny\u00e9kos, f\u00e9l\u00e1rny\u00e9kos, nedves helyeket kedveli. Napos helyre semmik\u00e9pp se \u00fcltess\u00fck, mert levelei meg\u00e9gnek! Rendk\u00edv\u00fcl sz\u00e9pen mutat, \u00e1rny\u00e9kos \u00e1gy\u00e1sokba vegyesen, vagy szeg\u00e9lyk\u00e9nt. Csoportosan vagy \u00f6n\u00e1ll\u00f3an \u00fcltetve is gy\u00f6ny\u00f6r\u0171 n\u00f6v\u00e9ny. De ak\u00e1r egy nagyobb balkonl\u00e1d\u00e1ba vagy ed\u00e9nybe is bele lehet \u00fcltetni, m\u00e1s \u00e1rny\u00e9kkedvel\u0151 n\u00f6v\u00e9nyekkel t\u00e1rs\u00edtva.<\/p>\n<p>A term\u00e9ket 14 cm-es cser\u00e9pben sz\u00e1ll\u00edtjuk!<\/p>\n","protected":false},"excerpt":{"rendered":"<p>Heuchera villosa &#8216;Caramel&#8217;- T\u0171zes\u0151 A t\u0171zes\u0151 igazi sz\u00ednkavalk\u00e1d, levelei tavaszt\u00f3l \u0151szig v\u00e1ltoztatj\u00e1k a sz\u00edn\u0171ket. Magass\u00e1ga 30-50 cm k\u00f6r\u00fcli, sz\u00e9less\u00e9ge40-50 cm. Vir\u00e1gai merev hossz\u00fa sz\u00e1ron ny\u00falnak a levelek f\u00f6l\u00e9 \u00e9s apr\u00f3 feh\u00e9r harangocsk\u00e1kb\u00f3l \u00e1llnak, v\u00e1gott vir\u00e1gnak is alkalmas. Az \u00e1rny\u00e9kos, f\u00e9l\u00e1rny\u00e9kos, nedves helyeket kedveli. Napos helyre semmik\u00e9pp se \u00fcltess\u00fck, mert levelei meg\u00e9gnek! Rendk\u00edv\u00fcl sz\u00e9pen mutat, \u00e1rny\u00e9kos [&hellip;]<\/p>\n","protected":false},"featured_media":1320,"comment_status":"open","ping_status":"closed","template":"","meta":{"_monsterinsights_skip_tracking":false,"_monsterinsights_sitenote_active":false,"_monsterinsights_sitenote_note":"","_monsterinsights_sitenote_category":0},"product_brand":[],"product_cat":[19,21],"product_tag":[57,147,146],"class_list":{"0":"post-1616","1":"product","2":"type-product","3":"status-publish","4":"has-post-thumbnail","6":"product_cat-arnyekkedvelo-novenyek","7":"product_cat-evelo-novenyek","8":"product_tag-arnyek","9":"product_tag-szines","10":"product_tag-tuzeso","12":"first","13":"instock","14":"taxable","15":"shipping-taxable","16":"purchasable","17":"product-type-simple"},"aioseo_notices":[],"_links":{"self":[{"href":"https:\/\/szel-pasztorkerteszet.hu\/index.php?rest_route=\/wp\/v2\/product\/1616","targetHints":{"allow":["GET"]}}],"collection":[{"href":"https:\/\/szel-pasztorkerteszet.hu\/index.php?rest_route=\/wp\/v2\/product"}],"about":[{"href":"https:\/\/szel-pasztorkerteszet.hu\/index.php?rest_route=\/wp\/v2\/types\/product"}],"replies":[{"embeddable":true,"href":"https:\/\/szel-pasztorkerteszet.hu\/index.php?rest_route=%2Fwp%2Fv2%2Fcomments&post=1616"}],"wp:featuredmedia":[{"embeddable":true,"href":"https:\/\/szel-pasztorkerteszet.hu\/index.php?rest_route=\/wp\/v2\/media\/1320"}],"wp:attachment":[{"href":"https:\/\/szel-pasztorkerteszet.hu\/index.php?rest_route=%2Fwp%2Fv2%2Fmedia&parent=1616"}],"wp:term":[{"taxonomy":"product_brand","embeddable":true,"href":"https:\/\/szel-pasztorkerteszet.hu\/index.php?rest_route=%2Fwp%2Fv2%2Fproduct_brand&post=1616"},{"taxonomy":"product_cat","embeddable":true,"href":"https:\/\/szel-pasztorkerteszet.hu\/index.php?rest_route=%2Fwp%2Fv2%2Fproduct_cat&post=1616"},{"taxonomy":"product_tag","embeddable":true,"href":"https:\/\/szel-pasztorkerteszet.hu\/index.php?rest_route=%2Fwp%2Fv2%2Fproduct_tag&post=1616"}],"curies":[{"name":"wp","href":"https:\/\/api.w.org\/{rel}","templated":true}]}}