{"id":2131,"date":"2022-02-27T19:29:29","date_gmt":"2022-02-27T19:29:29","guid":{"rendered":"https:\/\/szel-pasztorkerteszet.hu\/?post_type=product&#038;p=2131"},"modified":"2026-03-18T11:29:06","modified_gmt":"2026-03-18T11:29:06","slug":"pennisetum-alopecuroides-hameln-gold-tollborzfu-sargaszold","status":"publish","type":"product","link":"https:\/\/szel-pasztorkerteszet.hu\/?product=pennisetum-alopecuroides-hameln-gold-tollborzfu-sargaszold","title":{"rendered":"Pennisetum alopecuroides &#8216;JS Jommenik&#8217; (Lumen Gold)\/ Tollborzf\u0171"},"content":{"rendered":"<p>Pennisetum alopecuroides &#8216;JS Jommenik&#8217; (Lumen Gold)- Tollbozf\u0171<\/p>\n<p style=\"text-align: left;\">25-30 cm magas, kompakt n\u00f6veked\u00e9s\u0171, bokrosod\u00f3, \u00edvesen sz\u00e9thajl\u00f3, s\u00e1rg\u00e1sz\u00f6ld sz\u00edn\u0171 d\u00edszf\u0171. Bug\u00e1ja drapp sz\u00edn\u0171, augusztust\u00f3l- okt\u00f3berig d\u00edsz\u00edti a n\u00f6v\u00e9nyt. Napos, meleg helyre, j\u00f3 v\u00edzelvezet\u00e9s\u0171 talajba \u00fcltess\u00fck.\u00a0 Sz\u00e1raz lombj\u00e1t a fagyok ut\u00e1n tavasszal v\u00e1gjuk vissza. Kiv\u00e1l\u00f3an mutat sziklakertbe, ed\u00e9nybe, csoportosan \u00fcltetve, szoliterk\u00e9nt \u00e9s kerti tavak mellett is.<\/p>\n<p>A term\u00e9ket 14 cm-es cser\u00e9pben sz\u00e1ll\u00edtjuk!<\/p>\n","protected":false},"excerpt":{"rendered":"<p>Pennisetum alopecuroides &#8216;JS Jommenik&#8217; (Lumen Gold)- Tollbozf\u0171 25-30 cm magas, kompakt n\u00f6veked\u00e9s\u0171, bokrosod\u00f3, \u00edvesen sz\u00e9thajl\u00f3, s\u00e1rg\u00e1sz\u00f6ld sz\u00edn\u0171 d\u00edszf\u0171. Bug\u00e1ja drapp sz\u00edn\u0171, augusztust\u00f3l- okt\u00f3berig d\u00edsz\u00edti a n\u00f6v\u00e9nyt. Napos, meleg helyre, j\u00f3 v\u00edzelvezet\u00e9s\u0171 talajba \u00fcltess\u00fck.\u00a0 Sz\u00e1raz lombj\u00e1t a fagyok ut\u00e1n tavasszal v\u00e1gjuk vissza. Kiv\u00e1l\u00f3an mutat sziklakertbe, ed\u00e9nybe, csoportosan \u00fcltetve, szoliterk\u00e9nt \u00e9s kerti tavak mellett is. A term\u00e9ket [&hellip;]<\/p>\n","protected":false},"featured_media":2065,"comment_status":"open","ping_status":"closed","template":"","meta":{"_monsterinsights_skip_tracking":false,"_monsterinsights_sitenote_active":false,"_monsterinsights_sitenote_note":"","_monsterinsights_sitenote_category":0},"product_brand":[],"product_cat":[27,21],"product_tag":[262,67,275],"class_list":{"0":"post-2131","1":"product","2":"type-product","3":"status-publish","4":"has-post-thumbnail","6":"product_cat-bambuszok-diszfuvek-nadak","7":"product_cat-evelo-novenyek","8":"product_tag-diszfu","9":"product_tag-sarga","10":"product_tag-tollborzfu","12":"first","13":"instock","14":"taxable","15":"shipping-taxable","16":"purchasable","17":"product-type-simple"},"aioseo_notices":[],"_links":{"self":[{"href":"https:\/\/szel-pasztorkerteszet.hu\/index.php?rest_route=\/wp\/v2\/product\/2131","targetHints":{"allow":["GET"]}}],"collection":[{"href":"https:\/\/szel-pasztorkerteszet.hu\/index.php?rest_route=\/wp\/v2\/product"}],"about":[{"href":"https:\/\/szel-pasztorkerteszet.hu\/index.php?rest_route=\/wp\/v2\/types\/product"}],"replies":[{"embeddable":true,"href":"https:\/\/szel-pasztorkerteszet.hu\/index.php?rest_route=%2Fwp%2Fv2%2Fcomments&post=2131"}],"wp:featuredmedia":[{"embeddable":true,"href":"https:\/\/szel-pasztorkerteszet.hu\/index.php?rest_route=\/wp\/v2\/media\/2065"}],"wp:attachment":[{"href":"https:\/\/szel-pasztorkerteszet.hu\/index.php?rest_route=%2Fwp%2Fv2%2Fmedia&parent=2131"}],"wp:term":[{"taxonomy":"product_brand","embeddable":true,"href":"https:\/\/szel-pasztorkerteszet.hu\/index.php?rest_route=%2Fwp%2Fv2%2Fproduct_brand&post=2131"},{"taxonomy":"product_cat","embeddable":true,"href":"https:\/\/szel-pasztorkerteszet.hu\/index.php?rest_route=%2Fwp%2Fv2%2Fproduct_cat&post=2131"},{"taxonomy":"product_tag","embeddable":true,"href":"https:\/\/szel-pasztorkerteszet.hu\/index.php?rest_route=%2Fwp%2Fv2%2Fproduct_tag&post=2131"}],"curies":[{"name":"wp","href":"https:\/\/api.w.org\/{rel}","templated":true}]}}