{"id":2398,"date":"2022-03-02T12:42:15","date_gmt":"2022-03-02T12:42:15","guid":{"rendered":"https:\/\/szel-pasztorkerteszet.hu\/?post_type=product&#038;p=2398"},"modified":"2026-04-23T11:50:28","modified_gmt":"2026-04-23T11:50:28","slug":"viburnum-opulus-roseum-labdarozsa","status":"publish","type":"product","link":"https:\/\/szel-pasztorkerteszet.hu\/?product=viburnum-opulus-roseum-labdarozsa","title":{"rendered":"Viburnum opulus &#8216;Roseum&#8217;\/ Labdar\u00f3zsa"},"content":{"rendered":"<p>Viburnum opulus &#8216;Roseum&#8217;- Labdar\u00f3zsa<\/p>\n<p>3-4 m magasra n\u00f6v\u0151, s\u0171r\u0171n bokros, lombhullat\u00f3 cserje. Levelei m\u00e9lyen kar\u00e9jozottak, z\u00f6ldek, \u0151sszel narancsv\u00f6r\u00f6sre sz\u00ednez\u0151dnek. Vir\u00e1gai \u00f3ri\u00e1si feh\u00e9r g\u00f6mb\u00f6k, tavasszal t\u00f6bb h\u00e9ten \u00e1t d\u00edsz\u00edtik a n\u00f6v\u00e9nyt. Napos, f\u00e9l\u00e1rny\u00e9kos fekv\u00e9sbe, j\u00f3 v\u00edz\u00e1tereszt\u0151 k\u00e9pess\u00e9g\u0171 talajba \u00fcltess\u00fck. Mutat\u00f3s szoliter vagy ak\u00e1r s\u00f6v\u00e9ny is lehet bel\u0151le.<\/p>\n<p>T\u00e9l\u00e1ll\u00f3s\u00e1gi z\u00f3na: 6a -23,3C<\/p>\n<p>A term\u00e9ket 2 Literes cser\u00e9pben 40\/60 cm-es m\u00e9retben sz\u00e1ll\u00edtjuk!<\/p>\n","protected":false},"excerpt":{"rendered":"<p>Viburnum opulus &#8216;Roseum&#8217;- Labdar\u00f3zsa 3-4 m magasra n\u00f6v\u0151, s\u0171r\u0171n bokros, lombhullat\u00f3 cserje. Levelei m\u00e9lyen kar\u00e9jozottak, z\u00f6ldek, \u0151sszel narancsv\u00f6r\u00f6sre sz\u00ednez\u0151dnek. Vir\u00e1gai \u00f3ri\u00e1si feh\u00e9r g\u00f6mb\u00f6k, tavasszal t\u00f6bb h\u00e9ten \u00e1t d\u00edsz\u00edtik a n\u00f6v\u00e9nyt. Napos, f\u00e9l\u00e1rny\u00e9kos fekv\u00e9sbe, j\u00f3 v\u00edz\u00e1tereszt\u0151 k\u00e9pess\u00e9g\u0171 talajba \u00fcltess\u00fck. Mutat\u00f3s szoliter vagy ak\u00e1r s\u00f6v\u00e9ny is lehet bel\u0151le. T\u00e9l\u00e1ll\u00f3s\u00e1gi z\u00f3na: 6a -23,3C A term\u00e9ket 2 Literes cser\u00e9pben [&hellip;]<\/p>\n","protected":false},"featured_media":2323,"comment_status":"open","ping_status":"closed","template":"","meta":{"_monsterinsights_skip_tracking":false,"_monsterinsights_sitenote_active":false,"_monsterinsights_sitenote_note":"","_monsterinsights_sitenote_category":0},"product_brand":[],"product_cat":[26],"product_tag":[229,64,296],"class_list":{"0":"post-2398","1":"product","2":"type-product","3":"status-publish","4":"has-post-thumbnail","6":"product_cat-cserjek-bokrok","7":"product_tag-cserje","8":"product_tag-feher","9":"product_tag-labdarozsa","11":"first","12":"outofstock","13":"taxable","14":"shipping-taxable","15":"purchasable","16":"product-type-simple"},"aioseo_notices":[],"_links":{"self":[{"href":"https:\/\/szel-pasztorkerteszet.hu\/index.php?rest_route=\/wp\/v2\/product\/2398","targetHints":{"allow":["GET"]}}],"collection":[{"href":"https:\/\/szel-pasztorkerteszet.hu\/index.php?rest_route=\/wp\/v2\/product"}],"about":[{"href":"https:\/\/szel-pasztorkerteszet.hu\/index.php?rest_route=\/wp\/v2\/types\/product"}],"replies":[{"embeddable":true,"href":"https:\/\/szel-pasztorkerteszet.hu\/index.php?rest_route=%2Fwp%2Fv2%2Fcomments&post=2398"}],"wp:featuredmedia":[{"embeddable":true,"href":"https:\/\/szel-pasztorkerteszet.hu\/index.php?rest_route=\/wp\/v2\/media\/2323"}],"wp:attachment":[{"href":"https:\/\/szel-pasztorkerteszet.hu\/index.php?rest_route=%2Fwp%2Fv2%2Fmedia&parent=2398"}],"wp:term":[{"taxonomy":"product_brand","embeddable":true,"href":"https:\/\/szel-pasztorkerteszet.hu\/index.php?rest_route=%2Fwp%2Fv2%2Fproduct_brand&post=2398"},{"taxonomy":"product_cat","embeddable":true,"href":"https:\/\/szel-pasztorkerteszet.hu\/index.php?rest_route=%2Fwp%2Fv2%2Fproduct_cat&post=2398"},{"taxonomy":"product_tag","embeddable":true,"href":"https:\/\/szel-pasztorkerteszet.hu\/index.php?rest_route=%2Fwp%2Fv2%2Fproduct_tag&post=2398"}],"curies":[{"name":"wp","href":"https:\/\/api.w.org\/{rel}","templated":true}]}}

Viburnum opulus &#8216;Roseum&#8217;/ Labdarózsa

<p>Viburnum opulus &#8216;Roseum&#8217;- Labdarózsa</p>
<p>3-4 m magasra növő, sűrűn bokros, lombhullató cserje. Levelei mélyen karéjozottak, zöldek, ősszel narancsvörösre színeződnek. Virágai óriási fehér gömbök, tavasszal több héten át díszítik a növényt. Napos, félárnyékos fekvésbe, jó vízáteresztő képességű talajba ültessük. Mutatós szoliter vagy akár sövény is lehet belőle.</p>
<p>Télállósági zóna: 6a -23,3C</p>
<p>A terméket 2 Literes cserépben 40/60 cm-es méretben szállítjuk!</p>

<p>Viburnum opulus &#8216;Roseum&#8217;- Labdarózsa 3-4 m magasra növő, sűrűn bokros, lombhullató cserje. Levelei mélyen karéjozottak, zöldek, ősszel narancsvörösre színeződnek. Virágai óriási fehér gömbök, tavasszal több héten át díszítik a növényt. Napos, félárnyékos fekvésbe, jó vízáteresztő képességű talajba ültessük. Mutatós szoliter vagy akár sövény is lehet belőle. Télállósági zóna: 6a -23,3C A terméket 2 Literes cserépben [&hellip;]</p>
