{"id":2408,"date":"2022-03-02T14:24:35","date_gmt":"2022-03-02T14:24:35","guid":{"rendered":"https:\/\/szel-pasztorkerteszet.hu\/?post_type=product&#038;p=2408"},"modified":"2026-03-23T10:55:03","modified_gmt":"2026-03-23T10:55:03","slug":"syringa-microphylla-superba-kislevelu-torpe-orgona-sotetrozsaszin","status":"publish","type":"product","link":"https:\/\/szel-pasztorkerteszet.hu\/?product=syringa-microphylla-superba-kislevelu-torpe-orgona-sotetrozsaszin","title":{"rendered":"Syringa meyeri &#8216;Palibin&#8217;\/ T\u00f6rpe orgona"},"content":{"rendered":"<p>Syringa meyeri &#8216;Palibin&#8217;- T\u00f6rpe orgona<\/p>\n<p>1- 1,5 m magas lombhullat\u00f3 cserje. Lombja z\u00f6ld, alakja szinte szab\u00e1lyos g\u00f6mb. Vir\u00e1gai s\u00f6t\u00e9t r\u00f3zsasz\u00ednes- lil\u00e1k, j\u00faniust\u00f3l- okt\u00f3berig ny\u00edlnak. Napos vagy f\u00e9l\u00e1rny\u00e9kos helyre \u00fcltess\u00fck, humuszban gazdag talajba. J\u00f3l t\u0171ri a sz\u00e1razs\u00e1got \u00e9s a v\u00e1rosi k\u00f6rnyezetet. Alkalmas szoliternek vagy s\u00f6v\u00e9nynek is.<\/p>\n<p>T\u00e9l\u00e1ll\u00f3s\u00e1gi z\u00f3na: 3a -40C<\/p>\n<p>A term\u00e9ket 2 Literes cser\u00e9pben, 40\/60 cm-es m\u00e9retben sz\u00e1ll\u00edtjuk!<\/p>\n","protected":false},"excerpt":{"rendered":"<p>Syringa meyeri &#8216;Palibin&#8217;- T\u00f6rpe orgona 1- 1,5 m magas lombhullat\u00f3 cserje. Lombja z\u00f6ld, alakja szinte szab\u00e1lyos g\u00f6mb. Vir\u00e1gai s\u00f6t\u00e9t r\u00f3zsasz\u00ednes- lil\u00e1k, j\u00faniust\u00f3l- okt\u00f3berig ny\u00edlnak. Napos vagy f\u00e9l\u00e1rny\u00e9kos helyre \u00fcltess\u00fck, humuszban gazdag talajba. J\u00f3l t\u0171ri a sz\u00e1razs\u00e1got \u00e9s a v\u00e1rosi k\u00f6rnyezetet. Alkalmas szoliternek vagy s\u00f6v\u00e9nynek is. T\u00e9l\u00e1ll\u00f3s\u00e1gi z\u00f3na: 3a -40C A term\u00e9ket 2 Literes cser\u00e9pben, 40\/60 [&hellip;]<\/p>\n","protected":false},"featured_media":2309,"comment_status":"open","ping_status":"closed","template":"","meta":{"_monsterinsights_skip_tracking":false,"_monsterinsights_sitenote_active":false,"_monsterinsights_sitenote_note":"","_monsterinsights_sitenote_category":0},"product_brand":[],"product_cat":[26],"product_tag":[301,85,131],"class_list":{"0":"post-2408","1":"product","2":"type-product","3":"status-publish","4":"has-post-thumbnail","6":"product_cat-cserjek-bokrok","7":"product_tag-orgona","8":"product_tag-rozsaszin","9":"product_tag-torpe","11":"first","12":"instock","13":"taxable","14":"shipping-taxable","15":"purchasable","16":"product-type-simple"},"aioseo_notices":[],"_links":{"self":[{"href":"https:\/\/szel-pasztorkerteszet.hu\/index.php?rest_route=\/wp\/v2\/product\/2408","targetHints":{"allow":["GET"]}}],"collection":[{"href":"https:\/\/szel-pasztorkerteszet.hu\/index.php?rest_route=\/wp\/v2\/product"}],"about":[{"href":"https:\/\/szel-pasztorkerteszet.hu\/index.php?rest_route=\/wp\/v2\/types\/product"}],"replies":[{"embeddable":true,"href":"https:\/\/szel-pasztorkerteszet.hu\/index.php?rest_route=%2Fwp%2Fv2%2Fcomments&post=2408"}],"wp:featuredmedia":[{"embeddable":true,"href":"https:\/\/szel-pasztorkerteszet.hu\/index.php?rest_route=\/wp\/v2\/media\/2309"}],"wp:attachment":[{"href":"https:\/\/szel-pasztorkerteszet.hu\/index.php?rest_route=%2Fwp%2Fv2%2Fmedia&parent=2408"}],"wp:term":[{"taxonomy":"product_brand","embeddable":true,"href":"https:\/\/szel-pasztorkerteszet.hu\/index.php?rest_route=%2Fwp%2Fv2%2Fproduct_brand&post=2408"},{"taxonomy":"product_cat","embeddable":true,"href":"https:\/\/szel-pasztorkerteszet.hu\/index.php?rest_route=%2Fwp%2Fv2%2Fproduct_cat&post=2408"},{"taxonomy":"product_tag","embeddable":true,"href":"https:\/\/szel-pasztorkerteszet.hu\/index.php?rest_route=%2Fwp%2Fv2%2Fproduct_tag&post=2408"}],"curies":[{"name":"wp","href":"https:\/\/api.w.org\/{rel}","templated":true}]}}