{"id":2646,"date":"2022-03-05T13:41:41","date_gmt":"2022-03-05T13:41:41","guid":{"rendered":"https:\/\/szel-pasztorkerteszet.hu\/?post_type=product&#038;p=2646"},"modified":"2026-03-08T16:11:58","modified_gmt":"2026-03-08T16:11:58","slug":"euonymus-fortunei-emeraldn-gold-sargatarka-kuszo-kecskerago","status":"publish","type":"product","link":"https:\/\/szel-pasztorkerteszet.hu\/?product=euonymus-fortunei-emeraldn-gold-sargatarka-kuszo-kecskerago","title":{"rendered":"Euonymus fortunei &#8216;Emerald&#8217;n Gold&#8217;\/ S\u00e1rgatarka k\u00fasz\u00f3 kecsker\u00e1g\u00f3"},"content":{"rendered":"<p>Euonymus fortunei &#8216;Emerald&#8217;n Gold&#8217;\/ S\u00e1rgatarka k\u00fasz\u00f3 kecsker\u00e1g\u00f3<\/p>\n<p>0,5-1 m-es \u00f6r\u00f6kz\u00f6ld t\u00f6rpecserje. Levelei smaragdz\u00f6ldek s\u00e1rga szeg\u00e9llyel, t\u00e9len piros \u00e1rnyalat\u00faak lesznek. \u00c1gai a talajon sz\u00e9tter\u00fclnek, k\u00faszva terjed. Napos helyre, \u00e1tlagos kerti talajba \u00fcltess\u00fck. A metsz\u00e9st j\u00f3l t\u0171ri, nem t\u00fal sok gondoskod\u00e1st ig\u00e9nyl\u0151 fajta. \u00dcltethetj\u00fck talajtakar\u00f3nak vagy ed\u00e9nybe is.<\/p>\n<p>T\u00e9l\u00e1ll\u00f3s\u00e1gi z\u00f3na: 5a -28,9C<\/p>\n<p>A term\u00e9ket 2L-es kont\u00e9nerben sz\u00e1ll\u00edtjuk!<\/p>\n<p>&nbsp;<\/p>\n","protected":false},"excerpt":{"rendered":"<p>Euonymus fortunei &#8216;Emerald&#8217;n Gold&#8217;\/ S\u00e1rgatarka k\u00fasz\u00f3 kecsker\u00e1g\u00f3 0,5-1 m-es \u00f6r\u00f6kz\u00f6ld t\u00f6rpecserje. Levelei smaragdz\u00f6ldek s\u00e1rga szeg\u00e9llyel, t\u00e9len piros \u00e1rnyalat\u00faak lesznek. \u00c1gai a talajon sz\u00e9tter\u00fclnek, k\u00faszva terjed. Napos helyre, \u00e1tlagos kerti talajba \u00fcltess\u00fck. A metsz\u00e9st j\u00f3l t\u0171ri, nem t\u00fal sok gondoskod\u00e1st ig\u00e9nyl\u0151 fajta. \u00dcltethetj\u00fck talajtakar\u00f3nak vagy ed\u00e9nybe is. T\u00e9l\u00e1ll\u00f3s\u00e1gi z\u00f3na: 5a -28,9C A term\u00e9ket 2L-es kont\u00e9nerben sz\u00e1ll\u00edtjuk! [&hellip;]<\/p>\n","protected":false},"featured_media":2622,"comment_status":"open","ping_status":"closed","template":"","meta":{"_monsterinsights_skip_tracking":false,"_monsterinsights_sitenote_active":false,"_monsterinsights_sitenote_note":"","_monsterinsights_sitenote_category":0},"product_brand":[],"product_cat":[26,29,34,35],"product_tag":[324,89,86],"class_list":{"0":"post-2646","1":"product","2":"type-product","3":"status-publish","4":"has-post-thumbnail","6":"product_cat-cserjek-bokrok","7":"product_cat-kuszo-novenyek","8":"product_cat-orokzold-novenyek","9":"product_cat-sziklakerti-novenyek","10":"product_tag-kecskerago","11":"product_tag-talajtakaro","12":"product_tag-tarka","14":"first","15":"instock","16":"taxable","17":"shipping-taxable","18":"purchasable","19":"product-type-simple"},"aioseo_notices":[],"_links":{"self":[{"href":"https:\/\/szel-pasztorkerteszet.hu\/index.php?rest_route=\/wp\/v2\/product\/2646","targetHints":{"allow":["GET"]}}],"collection":[{"href":"https:\/\/szel-pasztorkerteszet.hu\/index.php?rest_route=\/wp\/v2\/product"}],"about":[{"href":"https:\/\/szel-pasztorkerteszet.hu\/index.php?rest_route=\/wp\/v2\/types\/product"}],"replies":[{"embeddable":true,"href":"https:\/\/szel-pasztorkerteszet.hu\/index.php?rest_route=%2Fwp%2Fv2%2Fcomments&post=2646"}],"wp:featuredmedia":[{"embeddable":true,"href":"https:\/\/szel-pasztorkerteszet.hu\/index.php?rest_route=\/wp\/v2\/media\/2622"}],"wp:attachment":[{"href":"https:\/\/szel-pasztorkerteszet.hu\/index.php?rest_route=%2Fwp%2Fv2%2Fmedia&parent=2646"}],"wp:term":[{"taxonomy":"product_brand","embeddable":true,"href":"https:\/\/szel-pasztorkerteszet.hu\/index.php?rest_route=%2Fwp%2Fv2%2Fproduct_brand&post=2646"},{"taxonomy":"product_cat","embeddable":true,"href":"https:\/\/szel-pasztorkerteszet.hu\/index.php?rest_route=%2Fwp%2Fv2%2Fproduct_cat&post=2646"},{"taxonomy":"product_tag","embeddable":true,"href":"https:\/\/szel-pasztorkerteszet.hu\/index.php?rest_route=%2Fwp%2Fv2%2Fproduct_tag&post=2646"}],"curies":[{"name":"wp","href":"https:\/\/api.w.org\/{rel}","templated":true}]}}