{"id":3342,"date":"2022-03-14T06:50:38","date_gmt":"2022-03-14T06:50:38","guid":{"rendered":"https:\/\/szel-pasztorkerteszet.hu\/?post_type=product&#038;p=3342"},"modified":"2026-04-20T15:33:30","modified_gmt":"2026-04-20T15:33:30","slug":"magnolia-grandiflora-little-gem-orokzold-magnolia","status":"publish","type":"product","link":"https:\/\/szel-pasztorkerteszet.hu\/?product=magnolia-grandiflora-little-gem-orokzold-magnolia","title":{"rendered":"Magnolia grandiflora &#8216;Little Gem&#8217;\/ \u00d6r\u00f6kz\u00f6ld magnolia, t\u00f6rzses"},"content":{"rendered":"<p>Magnolia grandiflora &#8216;Little Gem&#8217;- \u00d6r\u00f6kz\u00f6ld magnolia, t\u00f6rzses<\/p>\n<p>A legkisebbre n\u00f6v\u0151 \u00f6r\u00f6kz\u00f6ld magn\u00f3lia fajta. \u00c1ltal\u00e1ban 3-4 m-n\u00e9l nem lesz magasabb. Emellett a leghosszabban vir\u00e1gz\u00f3 magn\u00f3lia, j\u00faniust\u00f3l okt\u00f3berig csod\u00e1lhatjuk feh\u00e9r, \u00f3ri\u00e1si vir\u00e1gait. Levelei m\u00e9lyz\u00f6ldek, f\u00e9nyesek, b\u0151rszer\u0171ek. Sz\u00e9lv\u00e9dett, napos helyre \u00fcltess\u00fck savany\u00fa talajba. V\u00edzig\u00e9nye k\u00f6zepes.<\/p>\n<p>A term\u00e9ket 10L-es kont\u00e9nerben 120\/130cm-es m\u00e9retben sz\u00e1ll\u00edtjuk!<\/p>\n<p>Kiz\u00e1r\u00f3lag kert\u00e9szeti \u00e1tv\u00e9tellel vagy saj\u00e1t aut\u00f3s kisz\u00e1ll\u00edt\u00e1ssal rendelhet\u0151!<\/p>\n","protected":false},"excerpt":{"rendered":"<p>Magnolia grandiflora &#8216;Little Gem&#8217;- \u00d6r\u00f6kz\u00f6ld magnolia, t\u00f6rzses A legkisebbre n\u00f6v\u0151 \u00f6r\u00f6kz\u00f6ld magn\u00f3lia fajta. \u00c1ltal\u00e1ban 3-4 m-n\u00e9l nem lesz magasabb. Emellett a leghosszabban vir\u00e1gz\u00f3 magn\u00f3lia, j\u00faniust\u00f3l okt\u00f3berig csod\u00e1lhatjuk feh\u00e9r, \u00f3ri\u00e1si vir\u00e1gait. Levelei m\u00e9lyz\u00f6ldek, f\u00e9nyesek, b\u0151rszer\u0171ek. Sz\u00e9lv\u00e9dett, napos helyre \u00fcltess\u00fck savany\u00fa talajba. V\u00edzig\u00e9nye k\u00f6zepes. A term\u00e9ket 10L-es kont\u00e9nerben 120\/130cm-es m\u00e9retben sz\u00e1ll\u00edtjuk! Kiz\u00e1r\u00f3lag kert\u00e9szeti \u00e1tv\u00e9tellel vagy saj\u00e1t aut\u00f3s [&hellip;]<\/p>\n","protected":false},"featured_media":3265,"comment_status":"open","ping_status":"closed","template":"","meta":{"_monsterinsights_skip_tracking":false,"_monsterinsights_sitenote_active":false,"_monsterinsights_sitenote_note":"","_monsterinsights_sitenote_category":0},"product_brand":[],"product_cat":[26,38,33,34],"product_tag":[345,140,131,206],"class_list":{"0":"post-3342","1":"product","2":"type-product","3":"status-publish","4":"has-post-thumbnail","6":"product_cat-cserjek-bokrok","7":"product_cat-diszfak","8":"product_cat-formara-nyirt-novenyek","9":"product_cat-orokzold-novenyek","10":"product_tag-magnolia","11":"product_tag-orokzold","12":"product_tag-torpe","13":"product_tag-torzses","15":"first","16":"instock","17":"taxable","18":"shipping-taxable","19":"purchasable","20":"product-type-variable"},"aioseo_notices":[],"_links":{"self":[{"href":"https:\/\/szel-pasztorkerteszet.hu\/index.php?rest_route=\/wp\/v2\/product\/3342","targetHints":{"allow":["GET"]}}],"collection":[{"href":"https:\/\/szel-pasztorkerteszet.hu\/index.php?rest_route=\/wp\/v2\/product"}],"about":[{"href":"https:\/\/szel-pasztorkerteszet.hu\/index.php?rest_route=\/wp\/v2\/types\/product"}],"replies":[{"embeddable":true,"href":"https:\/\/szel-pasztorkerteszet.hu\/index.php?rest_route=%2Fwp%2Fv2%2Fcomments&post=3342"}],"wp:featuredmedia":[{"embeddable":true,"href":"https:\/\/szel-pasztorkerteszet.hu\/index.php?rest_route=\/wp\/v2\/media\/3265"}],"wp:attachment":[{"href":"https:\/\/szel-pasztorkerteszet.hu\/index.php?rest_route=%2Fwp%2Fv2%2Fmedia&parent=3342"}],"wp:term":[{"taxonomy":"product_brand","embeddable":true,"href":"https:\/\/szel-pasztorkerteszet.hu\/index.php?rest_route=%2Fwp%2Fv2%2Fproduct_brand&post=3342"},{"taxonomy":"product_cat","embeddable":true,"href":"https:\/\/szel-pasztorkerteszet.hu\/index.php?rest_route=%2Fwp%2Fv2%2Fproduct_cat&post=3342"},{"taxonomy":"product_tag","embeddable":true,"href":"https:\/\/szel-pasztorkerteszet.hu\/index.php?rest_route=%2Fwp%2Fv2%2Fproduct_tag&post=3342"}],"curies":[{"name":"wp","href":"https:\/\/api.w.org\/{rel}","templated":true}]}}