{"id":4465,"date":"2023-04-01T09:27:28","date_gmt":"2023-04-01T09:27:28","guid":{"rendered":"https:\/\/szel-pasztorkerteszet.hu\/?post_type=product&#038;p=4465"},"modified":"2026-03-17T12:43:56","modified_gmt":"2026-03-17T12:43:56","slug":"eleagnus-x-ebbingei-maryline-tarkalevelu-ezustfa","status":"publish","type":"product","link":"https:\/\/szel-pasztorkerteszet.hu\/?product=eleagnus-x-ebbingei-maryline-tarkalevelu-ezustfa","title":{"rendered":"Elaeagnus x ebbingei &#8216;Maryline&#8217;\/ Tarkalevel\u0171 ez\u00fcstfa"},"content":{"rendered":"<p>Elaeagnus x ebbingei &#8216;Maryline&#8217;- Tarkalevel\u0171 ez\u00fcstfa<\/p>\n<p>1,5-2 m magasra n\u00f6v\u0151, tereb\u00e9lyes, \u00f6r\u00f6kz\u00f6ld cserje. Hajt\u00e1sai kezdetben felfel\u00e9 t\u00f6r\u0151k, majd k\u00e9s\u0151bb ink\u00e1bb ter\u00fcl\u0151k.\u00a0 Levelei ez\u00fcst\u00f6s bor\u00edt\u00e1s\u00faak, kr\u00e9mfeh\u00e9rek szab\u00e1lytalan z\u00f6ld\u00a0 szeg\u00e9llyel. Vir\u00e1gai feh\u00e9rek, er\u0151s van\u00edlia illat\u00faak, \u0151sszel ny\u00edlnak. Napos helyre, j\u00f3 v\u00edz\u00e1tereszt\u0151 k\u00e9pess\u00e9g\u0171, laza talajba \u00fcltess\u00fck. Nagyon j\u00f3 sz\u00e1razs\u00e1gt\u0171r\u0151. Metsz\u00e9ssel form\u00e1zhat\u00f3. Alkalmas szoliternek \u00e9s s\u00f6v\u00e9nynek is.<\/p>\n<p>3L-es kont\u00e9nerben 40\/60 cm<\/p>\n<p>&nbsp;<\/p>\n<p>&nbsp;<\/p>\n","protected":false},"excerpt":{"rendered":"<p>Elaeagnus x ebbingei &#8216;Maryline&#8217;- Tarkalevel\u0171 ez\u00fcstfa 1,5-2 m magasra n\u00f6v\u0151, tereb\u00e9lyes, \u00f6r\u00f6kz\u00f6ld cserje. Hajt\u00e1sai kezdetben felfel\u00e9 t\u00f6r\u0151k, majd k\u00e9s\u0151bb ink\u00e1bb ter\u00fcl\u0151k.\u00a0 Levelei ez\u00fcst\u00f6s bor\u00edt\u00e1s\u00faak, kr\u00e9mfeh\u00e9rek szab\u00e1lytalan z\u00f6ld\u00a0 szeg\u00e9llyel. Vir\u00e1gai feh\u00e9rek, er\u0151s van\u00edlia illat\u00faak, \u0151sszel ny\u00edlnak. Napos helyre, j\u00f3 v\u00edz\u00e1tereszt\u0151 k\u00e9pess\u00e9g\u0171, laza talajba \u00fcltess\u00fck. Nagyon j\u00f3 sz\u00e1razs\u00e1gt\u0171r\u0151. Metsz\u00e9ssel form\u00e1zhat\u00f3. Alkalmas szoliternek \u00e9s s\u00f6v\u00e9nynek is. 3L-es kont\u00e9nerben [&hellip;]<\/p>\n","protected":false},"featured_media":4460,"comment_status":"open","ping_status":"closed","template":"","meta":{"_monsterinsights_skip_tracking":false,"_monsterinsights_sitenote_active":false,"_monsterinsights_sitenote_note":"","_monsterinsights_sitenote_category":0},"product_brand":[],"product_cat":[26,34],"product_tag":[481,140,86],"class_list":{"0":"post-4465","1":"product","2":"type-product","3":"status-publish","4":"has-post-thumbnail","6":"product_cat-cserjek-bokrok","7":"product_cat-orokzold-novenyek","8":"product_tag-ezustfa","9":"product_tag-orokzold","10":"product_tag-tarka","12":"first","13":"instock","14":"taxable","15":"shipping-taxable","16":"purchasable","17":"product-type-simple"},"aioseo_notices":[],"_links":{"self":[{"href":"https:\/\/szel-pasztorkerteszet.hu\/index.php?rest_route=\/wp\/v2\/product\/4465","targetHints":{"allow":["GET"]}}],"collection":[{"href":"https:\/\/szel-pasztorkerteszet.hu\/index.php?rest_route=\/wp\/v2\/product"}],"about":[{"href":"https:\/\/szel-pasztorkerteszet.hu\/index.php?rest_route=\/wp\/v2\/types\/product"}],"replies":[{"embeddable":true,"href":"https:\/\/szel-pasztorkerteszet.hu\/index.php?rest_route=%2Fwp%2Fv2%2Fcomments&post=4465"}],"wp:featuredmedia":[{"embeddable":true,"href":"https:\/\/szel-pasztorkerteszet.hu\/index.php?rest_route=\/wp\/v2\/media\/4460"}],"wp:attachment":[{"href":"https:\/\/szel-pasztorkerteszet.hu\/index.php?rest_route=%2Fwp%2Fv2%2Fmedia&parent=4465"}],"wp:term":[{"taxonomy":"product_brand","embeddable":true,"href":"https:\/\/szel-pasztorkerteszet.hu\/index.php?rest_route=%2Fwp%2Fv2%2Fproduct_brand&post=4465"},{"taxonomy":"product_cat","embeddable":true,"href":"https:\/\/szel-pasztorkerteszet.hu\/index.php?rest_route=%2Fwp%2Fv2%2Fproduct_cat&post=4465"},{"taxonomy":"product_tag","embeddable":true,"href":"https:\/\/szel-pasztorkerteszet.hu\/index.php?rest_route=%2Fwp%2Fv2%2Fproduct_tag&post=4465"}],"curies":[{"name":"wp","href":"https:\/\/api.w.org\/{rel}","templated":true}]}}