{"id":5800,"date":"2024-03-20T09:48:38","date_gmt":"2024-03-20T09:48:38","guid":{"rendered":"https:\/\/szel-pasztorkerteszet.hu\/?post_type=product&#038;p=5800"},"modified":"2026-03-11T17:58:17","modified_gmt":"2026-03-11T17:58:17","slug":"festuca-gautieri-medveszorcsenkesz","status":"publish","type":"product","link":"https:\/\/szel-pasztorkerteszet.hu\/?product=festuca-gautieri-medveszorcsenkesz","title":{"rendered":"Festuca gautieri\/ Medvesz\u0151rcsenkesz"},"content":{"rendered":"<p>Festuca gautieri \/ Medvesz\u0151rcsenkesz<\/p>\n<p>20-30 cm magas, bokros d\u00edszf\u0171. F\u0171szer\u0171 levelei s\u00f6t\u00e9tz\u00f6ldek, t\u00e9len is megmaradnak. Vil\u00e1gosbarna apr\u00f3 vir\u00e1gait m\u00e1just\u00f3l- j\u00faliusig hozza. Napos, f\u00e9l\u00e1rny\u00e9kos helyet kedvel, nagyon j\u00f3l t\u0171ri a sz\u00e1razs\u00e1got. Talajba nem v\u00e1logat. Kiv\u00e1l\u00f3 v\u00e1laszt\u00e1s sziklakertbe, s\u00edrokra, talajtakar\u00f3nak, szeg\u00e9lyn\u00f6v\u00e9nynek.<\/p>\n<p>A term\u00e9ket 9&#215;9 cm-es cser\u00e9pben sz\u00e1ll\u00edtjuk!<\/p>\n","protected":false},"excerpt":{"rendered":"<p>Festuca gautieri \/ Medvesz\u0151rcsenkesz 20-30 cm magas, bokros d\u00edszf\u0171. F\u0171szer\u0171 levelei s\u00f6t\u00e9tz\u00f6ldek, t\u00e9len is megmaradnak. Vil\u00e1gosbarna apr\u00f3 vir\u00e1gait m\u00e1just\u00f3l- j\u00faliusig hozza. Napos, f\u00e9l\u00e1rny\u00e9kos helyet kedvel, nagyon j\u00f3l t\u0171ri a sz\u00e1razs\u00e1got. Talajba nem v\u00e1logat. Kiv\u00e1l\u00f3 v\u00e1laszt\u00e1s sziklakertbe, s\u00edrokra, talajtakar\u00f3nak, szeg\u00e9lyn\u00f6v\u00e9nynek. A term\u00e9ket 9&#215;9 cm-es cser\u00e9pben sz\u00e1ll\u00edtjuk!<\/p>\n","protected":false},"featured_media":5774,"comment_status":"open","ping_status":"closed","template":"","meta":{"_monsterinsights_skip_tracking":false,"_monsterinsights_sitenote_active":false,"_monsterinsights_sitenote_note":"","_monsterinsights_sitenote_category":0},"product_brand":[],"product_cat":[27],"product_tag":[268,694,53,52,131],"class_list":{"0":"post-5800","1":"product","2":"type-product","3":"status-publish","4":"has-post-thumbnail","6":"product_cat-bambuszok-diszfuvek-nadak","7":"product_tag-csenkesz","8":"product_tag-medveszor-csenkesz","9":"product_tag-szarazsag","10":"product_tag-sziklakert","11":"product_tag-torpe","13":"first","14":"instock","15":"taxable","16":"shipping-taxable","17":"purchasable","18":"product-type-simple"},"aioseo_notices":[],"_links":{"self":[{"href":"https:\/\/szel-pasztorkerteszet.hu\/index.php?rest_route=\/wp\/v2\/product\/5800","targetHints":{"allow":["GET"]}}],"collection":[{"href":"https:\/\/szel-pasztorkerteszet.hu\/index.php?rest_route=\/wp\/v2\/product"}],"about":[{"href":"https:\/\/szel-pasztorkerteszet.hu\/index.php?rest_route=\/wp\/v2\/types\/product"}],"replies":[{"embeddable":true,"href":"https:\/\/szel-pasztorkerteszet.hu\/index.php?rest_route=%2Fwp%2Fv2%2Fcomments&post=5800"}],"wp:featuredmedia":[{"embeddable":true,"href":"https:\/\/szel-pasztorkerteszet.hu\/index.php?rest_route=\/wp\/v2\/media\/5774"}],"wp:attachment":[{"href":"https:\/\/szel-pasztorkerteszet.hu\/index.php?rest_route=%2Fwp%2Fv2%2Fmedia&parent=5800"}],"wp:term":[{"taxonomy":"product_brand","embeddable":true,"href":"https:\/\/szel-pasztorkerteszet.hu\/index.php?rest_route=%2Fwp%2Fv2%2Fproduct_brand&post=5800"},{"taxonomy":"product_cat","embeddable":true,"href":"https:\/\/szel-pasztorkerteszet.hu\/index.php?rest_route=%2Fwp%2Fv2%2Fproduct_cat&post=5800"},{"taxonomy":"product_tag","embeddable":true,"href":"https:\/\/szel-pasztorkerteszet.hu\/index.php?rest_route=%2Fwp%2Fv2%2Fproduct_tag&post=5800"}],"curies":[{"name":"wp","href":"https:\/\/api.w.org\/{rel}","templated":true}]}}

Festuca gautieri/ Medveszőrcsenkesz

<p>Festuca gautieri / Medveszőrcsenkesz</p>
<p>20-30 cm magas, bokros díszfű. Fűszerű levelei sötétzöldek, télen is megmaradnak. Világosbarna apró virágait májustól- júliusig hozza. Napos, félárnyékos helyet kedvel, nagyon jól tűri a szárazságot. Talajba nem válogat. Kiváló választás sziklakertbe, sírokra, talajtakarónak, szegélynövénynek.</p>
<p>A terméket 9&#215;9 cm-es cserépben szállítjuk!</p>

<p>Festuca gautieri / Medveszőrcsenkesz 20-30 cm magas, bokros díszfű. Fűszerű levelei sötétzöldek, télen is megmaradnak. Világosbarna apró virágait májustól- júliusig hozza. Napos, félárnyékos helyet kedvel, nagyon jól tűri a szárazságot. Talajba nem válogat. Kiváló választás sziklakertbe, sírokra, talajtakarónak, szegélynövénynek. A terméket 9&#215;9 cm-es cserépben szállítjuk!</p>
