{"id":5942,"date":"2024-04-16T13:47:08","date_gmt":"2024-04-16T13:47:08","guid":{"rendered":"https:\/\/szel-pasztorkerteszet.hu\/?post_type=product&#038;p=5942"},"modified":"2026-03-07T15:37:08","modified_gmt":"2026-03-07T15:37:08","slug":"acer-palmatum-inaba-shidare-szeldelt-levelu-japan-juhar-torzsre-oltott","status":"publish","type":"product","link":"https:\/\/szel-pasztorkerteszet.hu\/?product=acer-palmatum-inaba-shidare-szeldelt-levelu-japan-juhar-torzsre-oltott","title":{"rendered":"Acer palmatum &#8216;Inaba Shidare&#8217;\/ Szeldelt level\u0171 Jap\u00e1n juhar, T\u00f6rzsre oltott"},"content":{"rendered":"<p>Acer palmatum &#8216;Inaba Shidare&#8217;- Szeldelt level\u0171 Jap\u00e1n juhar, T\u00f6rzsre oltott<\/p>\n<p>Viszonylag lass\u00fa n\u00f6veked\u00e9s\u0171 kis fa. V\u00e9gs\u0151 magass\u00e1ga 2-3 m\u00e9ter. Levelei szeldeltek, nagy d\u00edsz\u00edt\u0151 \u00e9rt\u00e9kkel b\u00edrnak. Kihajt\u00e1skor v\u00f6r\u00f6sek, k\u00e9s\u0151bb z\u00f6ldes \u00e1rnyalat\u00faak, \u0151sszel pedig ism\u00e9t karmazsin v\u00f6r\u00f6s sz\u00ednben pomp\u00e1znak. Koron\u00e1ja cs\u00fcng\u0151, erny\u0151 form\u00e1j\u00fa. \u00c1rny\u00e9kos, f\u00e9l\u00e1rny\u00e9kos helyre \u00fcde savany\u00fa talajba \u00fcltess\u00fck. T\u0171z\u0151 napon a levelei meg\u00e9gnek! V\u00edzig\u00e9nye nagy, ny\u00e1ron mindennap \u00f6nt\u00f6zz\u00fck.<\/p>\n<p>10L-es kont\u00e9nerben 50\/60cm-es t\u00f6rzsre oltott kis fa<\/p>\n<p>Kiz\u00e1r\u00f3lag kert\u00e9szeti \u00e1tv\u00e9tellel vagy saj\u00e1t aut\u00f3s kisz\u00e1ll\u00edt\u00e1ssal rendelhet\u0151!<\/p>\n","protected":false},"excerpt":{"rendered":"<p>Acer palmatum &#8216;Inaba Shidare&#8217;- Szeldelt level\u0171 Jap\u00e1n juhar, T\u00f6rzsre oltott Viszonylag lass\u00fa n\u00f6veked\u00e9s\u0171 kis fa. V\u00e9gs\u0151 magass\u00e1ga 2-3 m\u00e9ter. Levelei szeldeltek, nagy d\u00edsz\u00edt\u0151 \u00e9rt\u00e9kkel b\u00edrnak. Kihajt\u00e1skor v\u00f6r\u00f6sek, k\u00e9s\u0151bb z\u00f6ldes \u00e1rnyalat\u00faak, \u0151sszel pedig ism\u00e9t karmazsin v\u00f6r\u00f6s sz\u00ednben pomp\u00e1znak. Koron\u00e1ja cs\u00fcng\u0151, erny\u0151 form\u00e1j\u00fa. \u00c1rny\u00e9kos, f\u00e9l\u00e1rny\u00e9kos helyre \u00fcde savany\u00fa talajba \u00fcltess\u00fck. T\u0171z\u0151 napon a levelei meg\u00e9gnek! V\u00edzig\u00e9nye nagy, [&hellip;]<\/p>\n","protected":false},"featured_media":5933,"comment_status":"open","ping_status":"closed","template":"","meta":{"_monsterinsights_skip_tracking":false,"_monsterinsights_sitenote_active":false,"_monsterinsights_sitenote_note":"","_monsterinsights_sitenote_category":0},"product_brand":[],"product_cat":[19,38,33],"product_tag":[703,704,634,112],"class_list":{"0":"post-5942","1":"product","2":"type-product","3":"status-publish","4":"has-post-thumbnail","6":"product_cat-arnyekkedvelo-novenyek","7":"product_cat-diszfak","8":"product_cat-formara-nyirt-novenyek","9":"product_tag-acer","10":"product_tag-csungo-koronaju","11":"product_tag-japan-juhar","12":"product_tag-voros","14":"first","15":"instock","16":"taxable","17":"shipping-taxable","18":"purchasable","19":"product-type-simple"},"aioseo_notices":[],"_links":{"self":[{"href":"https:\/\/szel-pasztorkerteszet.hu\/index.php?rest_route=\/wp\/v2\/product\/5942","targetHints":{"allow":["GET"]}}],"collection":[{"href":"https:\/\/szel-pasztorkerteszet.hu\/index.php?rest_route=\/wp\/v2\/product"}],"about":[{"href":"https:\/\/szel-pasztorkerteszet.hu\/index.php?rest_route=\/wp\/v2\/types\/product"}],"replies":[{"embeddable":true,"href":"https:\/\/szel-pasztorkerteszet.hu\/index.php?rest_route=%2Fwp%2Fv2%2Fcomments&post=5942"}],"wp:featuredmedia":[{"embeddable":true,"href":"https:\/\/szel-pasztorkerteszet.hu\/index.php?rest_route=\/wp\/v2\/media\/5933"}],"wp:attachment":[{"href":"https:\/\/szel-pasztorkerteszet.hu\/index.php?rest_route=%2Fwp%2Fv2%2Fmedia&parent=5942"}],"wp:term":[{"taxonomy":"product_brand","embeddable":true,"href":"https:\/\/szel-pasztorkerteszet.hu\/index.php?rest_route=%2Fwp%2Fv2%2Fproduct_brand&post=5942"},{"taxonomy":"product_cat","embeddable":true,"href":"https:\/\/szel-pasztorkerteszet.hu\/index.php?rest_route=%2Fwp%2Fv2%2Fproduct_cat&post=5942"},{"taxonomy":"product_tag","embeddable":true,"href":"https:\/\/szel-pasztorkerteszet.hu\/index.php?rest_route=%2Fwp%2Fv2%2Fproduct_tag&post=5942"}],"curies":[{"name":"wp","href":"https:\/\/api.w.org\/{rel}","templated":true}]}}