{"id":5945,"date":"2024-04-16T14:07:48","date_gmt":"2024-04-16T14:07:48","guid":{"rendered":"https:\/\/szel-pasztorkerteszet.hu\/?post_type=product&#038;p=5945"},"modified":"2026-03-17T12:18:57","modified_gmt":"2026-03-17T12:18:57","slug":"acer-palmatum-skeeters-broom-oszlopos-voros-levelu-japan-juhar","status":"publish","type":"product","link":"https:\/\/szel-pasztorkerteszet.hu\/?product=acer-palmatum-skeeters-broom-oszlopos-voros-levelu-japan-juhar","title":{"rendered":"Acer palmatum &#8216;Skeeters Broom&#8217;\/ Oszlopos v\u00f6r\u00f6s level\u0171 Jap\u00e1n juhar"},"content":{"rendered":"<p>Acer palmatum &#8216;Skeeters Broom&#8217;- Oszlopos v\u00f6r\u00f6s level\u0171 Jap\u00e1n juhar<\/p>\n<p>Lass\u00fa n\u00f6veked\u00e9s\u0171 oszlopos Jap\u00e1n juhar fajta. V\u00e9gs\u0151 magass\u00e1ga 2-2,5 m\u00e9ter. N\u00f6veked\u00e9se nagyon kompakt \u00e9s bokros. Levelei kihajt\u00e1st\u00f3l eg\u00e9szen \u0151szig \u00e9l\u00e9nk v\u00f6r\u00f6s sz\u00ednben pomp\u00e1znak. \u00c1rny\u00e9kos, f\u00e9l\u00e1rny\u00e9kos helyre, \u00fcde, savanyk\u00e1s k\u00e9mhat\u00e1s\u00fa t\u00e1panyagban gazdag talajba \u00fcltess\u00fck. A t\u0171z\u0151 napon a levelei meg\u00e9gnek, ny\u00e1ron rendszeres \u00f6nt\u00f6z\u00e9st ig\u00e9nyel!<\/p>\n<p>Kiz\u00e1r\u00f3lag kert\u00e9szeti \u00e1tv\u00e9tellel vagy saj\u00e1t aut\u00f3s kisz\u00e1ll\u00edt\u00e1ssal rendelhet\u0151!<\/p>\n<p>A term\u00e9ket 25L-es kont\u00e9nerben 140\/150 cm-es m\u00e9retben sz\u00e1ll\u00edtjuk!<\/p>\n<p>&nbsp;<\/p>\n","protected":false},"excerpt":{"rendered":"<p>Acer palmatum &#8216;Skeeters Broom&#8217;- Oszlopos v\u00f6r\u00f6s level\u0171 Jap\u00e1n juhar Lass\u00fa n\u00f6veked\u00e9s\u0171 oszlopos Jap\u00e1n juhar fajta. V\u00e9gs\u0151 magass\u00e1ga 2-2,5 m\u00e9ter. N\u00f6veked\u00e9se nagyon kompakt \u00e9s bokros. Levelei kihajt\u00e1st\u00f3l eg\u00e9szen \u0151szig \u00e9l\u00e9nk v\u00f6r\u00f6s sz\u00ednben pomp\u00e1znak. \u00c1rny\u00e9kos, f\u00e9l\u00e1rny\u00e9kos helyre, \u00fcde, savanyk\u00e1s k\u00e9mhat\u00e1s\u00fa t\u00e1panyagban gazdag talajba \u00fcltess\u00fck. A t\u0171z\u0151 napon a levelei meg\u00e9gnek, ny\u00e1ron rendszeres \u00f6nt\u00f6z\u00e9st ig\u00e9nyel! Kiz\u00e1r\u00f3lag kert\u00e9szeti \u00e1tv\u00e9tellel [&hellip;]<\/p>\n","protected":false},"featured_media":5934,"comment_status":"open","ping_status":"closed","template":"","meta":{"_monsterinsights_skip_tracking":false,"_monsterinsights_sitenote_active":false,"_monsterinsights_sitenote_note":"","_monsterinsights_sitenote_category":0},"product_brand":[],"product_cat":[19,38],"product_tag":[634,181,112],"class_list":{"0":"post-5945","1":"product","2":"type-product","3":"status-publish","4":"has-post-thumbnail","6":"product_cat-arnyekkedvelo-novenyek","7":"product_cat-diszfak","8":"product_tag-japan-juhar","9":"product_tag-oszlopos","10":"product_tag-voros","12":"first","13":"instock","14":"taxable","15":"shipping-taxable","16":"purchasable","17":"product-type-variable"},"aioseo_notices":[],"_links":{"self":[{"href":"https:\/\/szel-pasztorkerteszet.hu\/index.php?rest_route=\/wp\/v2\/product\/5945","targetHints":{"allow":["GET"]}}],"collection":[{"href":"https:\/\/szel-pasztorkerteszet.hu\/index.php?rest_route=\/wp\/v2\/product"}],"about":[{"href":"https:\/\/szel-pasztorkerteszet.hu\/index.php?rest_route=\/wp\/v2\/types\/product"}],"replies":[{"embeddable":true,"href":"https:\/\/szel-pasztorkerteszet.hu\/index.php?rest_route=%2Fwp%2Fv2%2Fcomments&post=5945"}],"wp:featuredmedia":[{"embeddable":true,"href":"https:\/\/szel-pasztorkerteszet.hu\/index.php?rest_route=\/wp\/v2\/media\/5934"}],"wp:attachment":[{"href":"https:\/\/szel-pasztorkerteszet.hu\/index.php?rest_route=%2Fwp%2Fv2%2Fmedia&parent=5945"}],"wp:term":[{"taxonomy":"product_brand","embeddable":true,"href":"https:\/\/szel-pasztorkerteszet.hu\/index.php?rest_route=%2Fwp%2Fv2%2Fproduct_brand&post=5945"},{"taxonomy":"product_cat","embeddable":true,"href":"https:\/\/szel-pasztorkerteszet.hu\/index.php?rest_route=%2Fwp%2Fv2%2Fproduct_cat&post=5945"},{"taxonomy":"product_tag","embeddable":true,"href":"https:\/\/szel-pasztorkerteszet.hu\/index.php?rest_route=%2Fwp%2Fv2%2Fproduct_tag&post=5945"}],"curies":[{"name":"wp","href":"https:\/\/api.w.org\/{rel}","templated":true}]}}

Acer palmatum &#8216;Skeeters Broom&#8217;/ Oszlopos vörös levelű Japán juhar

<p>Acer palmatum &#8216;Skeeters Broom&#8217;- Oszlopos vörös levelű Japán juhar</p>
<p>Lassú növekedésű oszlopos Japán juhar fajta. Végső magassága 2-2,5 méter. Növekedése nagyon kompakt és bokros. Levelei kihajtástól egészen őszig élénk vörös színben pompáznak. Árnyékos, félárnyékos helyre, üde, savanykás kémhatású tápanyagban gazdag talajba ültessük. A tűző napon a levelei megégnek, nyáron rendszeres öntözést igényel!</p>
<p>Kizárólag kertészeti átvétellel vagy saját autós kiszállítással rendelhető!</p>
<p>A terméket 25L-es konténerben 140/150 cm-es méretben szállítjuk!</p>
<p>&nbsp;</p>

<p>Acer palmatum &#8216;Skeeters Broom&#8217;- Oszlopos vörös levelű Japán juhar Lassú növekedésű oszlopos Japán juhar fajta. Végső magassága 2-2,5 méter. Növekedése nagyon kompakt és bokros. Levelei kihajtástól egészen őszig élénk vörös színben pompáznak. Árnyékos, félárnyékos helyre, üde, savanykás kémhatású tápanyagban gazdag talajba ültessük. A tűző napon a levelei megégnek, nyáron rendszeres öntözést igényel! Kizárólag kertészeti átvétellel [&hellip;]</p>
