{"id":6912,"date":"2025-03-11T14:59:37","date_gmt":"2025-03-11T14:59:37","guid":{"rendered":"https:\/\/szel-pasztorkerteszet.hu\/?post_type=product&#038;p=6912"},"modified":"2026-03-07T14:33:34","modified_gmt":"2026-03-07T14:33:34","slug":"calamagostris-x-acutiflora-karl-foerster-nadtippan","status":"publish","type":"product","link":"https:\/\/szel-pasztorkerteszet.hu\/?product=calamagostris-x-acutiflora-karl-foerster-nadtippan","title":{"rendered":"Calamagostris x acutiflora &#8216;Karl Foerster&#8217;\/ N\u00e1dtippan"},"content":{"rendered":"<p>Calamagostris x acutiflora &#8216;Karl Foerster&#8217;- N\u00e1dtippan<\/p>\n<p>Z\u00f6ld lomb\u00fa 100\/120 cm magas, fel\u00e1ll\u00f3 habitus\u00fa, l\u00e1tv\u00e1nyosan vir\u00e1gz\u00f3 d\u00edszf\u0171. Vir\u00e1gai szalmas\u00e1rga kal\u00e1szok, szinte eg\u00e9sz ny\u00e1ron ny\u00edlnak. Napos helyre, b\u00e1rmilyen talajba \u00fcltethetj\u00fck. V\u00e1gott vir\u00e1gnak is alkalmas.<\/p>\n<p>A term\u00e9ket 14 cm-es cser\u00e9pben sz\u00e1ll\u00edtjuk az \u00e9vszaknak megfelel\u0151 \u00e1llapotban!<\/p>\n<p>&nbsp;<\/p>\n","protected":false},"excerpt":{"rendered":"<p>Calamagostris x acutiflora &#8216;Karl Foerster&#8217;- N\u00e1dtippan Z\u00f6ld lomb\u00fa 100\/120 cm magas, fel\u00e1ll\u00f3 habitus\u00fa, l\u00e1tv\u00e1nyosan vir\u00e1gz\u00f3 d\u00edszf\u0171. Vir\u00e1gai szalmas\u00e1rga kal\u00e1szok, szinte eg\u00e9sz ny\u00e1ron ny\u00edlnak. Napos helyre, b\u00e1rmilyen talajba \u00fcltethetj\u00fck. V\u00e1gott vir\u00e1gnak is alkalmas. A term\u00e9ket 14 cm-es cser\u00e9pben sz\u00e1ll\u00edtjuk az \u00e9vszaknak megfelel\u0151 \u00e1llapotban! &nbsp;<\/p>\n","protected":false},"featured_media":6908,"comment_status":"open","ping_status":"closed","template":"","meta":{"_monsterinsights_skip_tracking":false,"_monsterinsights_sitenote_active":false,"_monsterinsights_sitenote_note":"","_monsterinsights_sitenote_category":0},"product_brand":[],"product_cat":[27],"product_tag":[262,443,106],"class_list":{"0":"post-6912","1":"product","2":"type-product","3":"status-publish","4":"has-post-thumbnail","6":"product_cat-bambuszok-diszfuvek-nadak","7":"product_tag-diszfu","8":"product_tag-nadtippan","9":"product_tag-zold","11":"first","12":"instock","13":"taxable","14":"shipping-taxable","15":"purchasable","16":"product-type-simple"},"aioseo_notices":[],"_links":{"self":[{"href":"https:\/\/szel-pasztorkerteszet.hu\/index.php?rest_route=\/wp\/v2\/product\/6912","targetHints":{"allow":["GET"]}}],"collection":[{"href":"https:\/\/szel-pasztorkerteszet.hu\/index.php?rest_route=\/wp\/v2\/product"}],"about":[{"href":"https:\/\/szel-pasztorkerteszet.hu\/index.php?rest_route=\/wp\/v2\/types\/product"}],"replies":[{"embeddable":true,"href":"https:\/\/szel-pasztorkerteszet.hu\/index.php?rest_route=%2Fwp%2Fv2%2Fcomments&post=6912"}],"wp:featuredmedia":[{"embeddable":true,"href":"https:\/\/szel-pasztorkerteszet.hu\/index.php?rest_route=\/wp\/v2\/media\/6908"}],"wp:attachment":[{"href":"https:\/\/szel-pasztorkerteszet.hu\/index.php?rest_route=%2Fwp%2Fv2%2Fmedia&parent=6912"}],"wp:term":[{"taxonomy":"product_brand","embeddable":true,"href":"https:\/\/szel-pasztorkerteszet.hu\/index.php?rest_route=%2Fwp%2Fv2%2Fproduct_brand&post=6912"},{"taxonomy":"product_cat","embeddable":true,"href":"https:\/\/szel-pasztorkerteszet.hu\/index.php?rest_route=%2Fwp%2Fv2%2Fproduct_cat&post=6912"},{"taxonomy":"product_tag","embeddable":true,"href":"https:\/\/szel-pasztorkerteszet.hu\/index.php?rest_route=%2Fwp%2Fv2%2Fproduct_tag&post=6912"}],"curies":[{"name":"wp","href":"https:\/\/api.w.org\/{rel}","templated":true}]}}

Calamagostris x acutiflora &#8216;Karl Foerster&#8217;/ Nádtippan

<p>Calamagostris x acutiflora &#8216;Karl Foerster&#8217;- Nádtippan</p>
<p>Zöld lombú 100/120 cm magas, felálló habitusú, látványosan virágzó díszfű. Virágai szalmasárga kalászok, szinte egész nyáron nyílnak. Napos helyre, bármilyen talajba ültethetjük. Vágott virágnak is alkalmas.</p>
<p>A terméket 14 cm-es cserépben szállítjuk az évszaknak megfelelő állapotban!</p>
<p>&nbsp;</p>

<p>Calamagostris x acutiflora &#8216;Karl Foerster&#8217;- Nádtippan Zöld lombú 100/120 cm magas, felálló habitusú, látványosan virágzó díszfű. Virágai szalmasárga kalászok, szinte egész nyáron nyílnak. Napos helyre, bármilyen talajba ültethetjük. Vágott virágnak is alkalmas. A terméket 14 cm-es cserépben szállítjuk az évszaknak megfelelő állapotban! &nbsp;</p>
