{"id":7512,"date":"2025-08-24T16:09:51","date_gmt":"2025-08-24T16:09:51","guid":{"rendered":"https:\/\/szel-pasztorkerteszet.hu\/?post_type=product&#038;p=7512"},"modified":"2026-03-07T13:33:27","modified_gmt":"2026-03-07T13:33:27","slug":"yucca-gloriosa-variegata-tarkalevelu-pompas-palmaliliom","status":"publish","type":"product","link":"https:\/\/szel-pasztorkerteszet.hu\/?product=yucca-gloriosa-variegata-tarkalevelu-pompas-palmaliliom","title":{"rendered":"Yucca Gloriosa Variegata\/ Tarkalevel\u0171 pomp\u00e1s p\u00e1lmaliliom"},"content":{"rendered":"<p>Yucca Gloriosa Variegata- Tarkalevel\u0171 pomp\u00e1s p\u00e1lmaliliom<\/p>\n<p>1-1,5 m-re n\u00f6v\u0151, lass\u00fa n\u00f6veked\u00e9s\u0171 \u00f6r\u00f6kz\u00f6ld. K\u00fcl\u00f6nleges cs\u00edkos levelei kardszer\u0171ek, a v\u00e9g\u00fck sz\u00far. Feh\u00e9r, kehely alak\u00fa vir\u00e1gait hossz\u00fa sz\u00e1rakon, f\u00fcrt\u00f6kben hozza j\u00fanius- j\u00faliusban. Napos meleg helyre \u00fcltess\u00fck. Sok t\u00e1panyagot \u00e9s sok \u00f6nt\u00f6z\u00e9st sem ig\u00e9nyel. Nagyon j\u00f3 sz\u00e1razs\u00e1gt\u0171r\u0151. Szoliternek vagy csoportosan is \u00fcltethet\u0151.<\/p>\n<p>A term\u00e9ket 3L-es kont\u00e9nerben 30\/40 cm-es m\u00e9retben sz\u00e1ll\u00edtjuk!<\/p>\n","protected":false},"excerpt":{"rendered":"<p>Yucca Gloriosa Variegata- Tarkalevel\u0171 pomp\u00e1s p\u00e1lmaliliom 1-1,5 m-re n\u00f6v\u0151, lass\u00fa n\u00f6veked\u00e9s\u0171 \u00f6r\u00f6kz\u00f6ld. K\u00fcl\u00f6nleges cs\u00edkos levelei kardszer\u0171ek, a v\u00e9g\u00fck sz\u00far. Feh\u00e9r, kehely alak\u00fa vir\u00e1gait hossz\u00fa sz\u00e1rakon, f\u00fcrt\u00f6kben hozza j\u00fanius- j\u00faliusban. Napos meleg helyre \u00fcltess\u00fck. Sok t\u00e1panyagot \u00e9s sok \u00f6nt\u00f6z\u00e9st sem ig\u00e9nyel. Nagyon j\u00f3 sz\u00e1razs\u00e1gt\u0171r\u0151. Szoliternek vagy csoportosan is \u00fcltethet\u0151. A term\u00e9ket 3L-es kont\u00e9nerben 30\/40 cm-es m\u00e9retben [&hellip;]<\/p>\n","protected":false},"featured_media":7489,"comment_status":"open","ping_status":"closed","template":"","meta":{"_monsterinsights_skip_tracking":false,"_monsterinsights_sitenote_active":false,"_monsterinsights_sitenote_note":"","_monsterinsights_sitenote_category":0},"product_brand":[],"product_cat":[37,34,35],"product_tag":[140,893,892],"class_list":{"0":"post-7512","1":"product","2":"type-product","3":"status-publish","4":"has-post-thumbnail","6":"product_cat-mediterran-novenyek","7":"product_cat-orokzold-novenyek","8":"product_cat-sziklakerti-novenyek","9":"product_tag-orokzold","10":"product_tag-tarka-levelu","11":"product_tag-yucca","13":"first","14":"instock","15":"taxable","16":"shipping-taxable","17":"purchasable","18":"product-type-simple"},"aioseo_notices":[],"_links":{"self":[{"href":"https:\/\/szel-pasztorkerteszet.hu\/index.php?rest_route=\/wp\/v2\/product\/7512","targetHints":{"allow":["GET"]}}],"collection":[{"href":"https:\/\/szel-pasztorkerteszet.hu\/index.php?rest_route=\/wp\/v2\/product"}],"about":[{"href":"https:\/\/szel-pasztorkerteszet.hu\/index.php?rest_route=\/wp\/v2\/types\/product"}],"replies":[{"embeddable":true,"href":"https:\/\/szel-pasztorkerteszet.hu\/index.php?rest_route=%2Fwp%2Fv2%2Fcomments&post=7512"}],"wp:featuredmedia":[{"embeddable":true,"href":"https:\/\/szel-pasztorkerteszet.hu\/index.php?rest_route=\/wp\/v2\/media\/7489"}],"wp:attachment":[{"href":"https:\/\/szel-pasztorkerteszet.hu\/index.php?rest_route=%2Fwp%2Fv2%2Fmedia&parent=7512"}],"wp:term":[{"taxonomy":"product_brand","embeddable":true,"href":"https:\/\/szel-pasztorkerteszet.hu\/index.php?rest_route=%2Fwp%2Fv2%2Fproduct_brand&post=7512"},{"taxonomy":"product_cat","embeddable":true,"href":"https:\/\/szel-pasztorkerteszet.hu\/index.php?rest_route=%2Fwp%2Fv2%2Fproduct_cat&post=7512"},{"taxonomy":"product_tag","embeddable":true,"href":"https:\/\/szel-pasztorkerteszet.hu\/index.php?rest_route=%2Fwp%2Fv2%2Fproduct_tag&post=7512"}],"curies":[{"name":"wp","href":"https:\/\/api.w.org\/{rel}","templated":true}]}}