{"id":7530,"date":"2025-08-24T17:36:40","date_gmt":"2025-08-24T17:36:40","guid":{"rendered":"https:\/\/szel-pasztorkerteszet.hu\/?post_type=product&#038;p=7530"},"modified":"2026-04-15T14:31:13","modified_gmt":"2026-04-15T14:31:13","slug":"sedum-spurium-mahagony-red-varjuhaj","status":"publish","type":"product","link":"https:\/\/szel-pasztorkerteszet.hu\/?product=sedum-spurium-mahagony-red-varjuhaj","title":{"rendered":"Sedum spurium &#8216;Mahagony Red&#8217;\/ Varj\u00fah\u00e1j"},"content":{"rendered":"<p>Sedum spurium &#8216;Mahagony Red\u2019\/ Varj\u00fah\u00e1j<\/p>\n<p>5-10 cm magas, el\u00e1gaz\u00f3 hajt\u00e1s\u00fa, h\u00fasos level\u0171 \u00e9vel\u0151. Vir\u00e1gai \u00e9l\u00e9nk r\u00f3zsasz\u00ednek, csillag alak\u00faak, j\u00faliust\u00f3l- szeptemberig ny\u00edlnak. Napos meleg helyre \u00fcltess\u00fck, talajban nem v\u00e1logat. A pang\u00f3 vizet nem t\u0171ri. Nagyon j\u00f3 sz\u00e1razs\u00e1gt\u0171r\u0151. Ig\u00e9nytelen, gondoz\u00e1smentes sziklakerti n\u00f6v\u00e9ny.<\/p>\n<p>A term\u00e9ket 9&#215;9 cm-es cser\u00e9pben sz\u00e1ll\u00edtjuk!<\/p>\n","protected":false},"excerpt":{"rendered":"<p>Sedum spurium &#8216;Mahagony Red\u2019\/ Varj\u00fah\u00e1j 5-10 cm magas, el\u00e1gaz\u00f3 hajt\u00e1s\u00fa, h\u00fasos level\u0171 \u00e9vel\u0151. Vir\u00e1gai \u00e9l\u00e9nk r\u00f3zsasz\u00ednek, csillag alak\u00faak, j\u00faliust\u00f3l- szeptemberig ny\u00edlnak. Napos meleg helyre \u00fcltess\u00fck, talajban nem v\u00e1logat. A pang\u00f3 vizet nem t\u0171ri. Nagyon j\u00f3 sz\u00e1razs\u00e1gt\u0171r\u0151. Ig\u00e9nytelen, gondoz\u00e1smentes sziklakerti n\u00f6v\u00e9ny. A term\u00e9ket 9&#215;9 cm-es cser\u00e9pben sz\u00e1ll\u00edtjuk!<\/p>\n","protected":false},"featured_media":7523,"comment_status":"open","ping_status":"closed","template":"","meta":{"_monsterinsights_skip_tracking":false,"_monsterinsights_sitenote_active":false,"_monsterinsights_sitenote_note":"","_monsterinsights_sitenote_category":0},"product_brand":[],"product_cat":[21,35],"product_tag":[59,75,53,52,424],"class_list":{"0":"post-7530","1":"product","2":"type-product","3":"status-publish","4":"has-post-thumbnail","6":"product_cat-evelo-novenyek","7":"product_cat-sziklakerti-novenyek","8":"product_tag-evelo","9":"product_tag-piros","10":"product_tag-szarazsag","11":"product_tag-sziklakert","12":"product_tag-varjuhaj","14":"first","15":"instock","16":"taxable","17":"shipping-taxable","18":"purchasable","19":"product-type-simple"},"aioseo_notices":[],"_links":{"self":[{"href":"https:\/\/szel-pasztorkerteszet.hu\/index.php?rest_route=\/wp\/v2\/product\/7530","targetHints":{"allow":["GET"]}}],"collection":[{"href":"https:\/\/szel-pasztorkerteszet.hu\/index.php?rest_route=\/wp\/v2\/product"}],"about":[{"href":"https:\/\/szel-pasztorkerteszet.hu\/index.php?rest_route=\/wp\/v2\/types\/product"}],"replies":[{"embeddable":true,"href":"https:\/\/szel-pasztorkerteszet.hu\/index.php?rest_route=%2Fwp%2Fv2%2Fcomments&post=7530"}],"wp:featuredmedia":[{"embeddable":true,"href":"https:\/\/szel-pasztorkerteszet.hu\/index.php?rest_route=\/wp\/v2\/media\/7523"}],"wp:attachment":[{"href":"https:\/\/szel-pasztorkerteszet.hu\/index.php?rest_route=%2Fwp%2Fv2%2Fmedia&parent=7530"}],"wp:term":[{"taxonomy":"product_brand","embeddable":true,"href":"https:\/\/szel-pasztorkerteszet.hu\/index.php?rest_route=%2Fwp%2Fv2%2Fproduct_brand&post=7530"},{"taxonomy":"product_cat","embeddable":true,"href":"https:\/\/szel-pasztorkerteszet.hu\/index.php?rest_route=%2Fwp%2Fv2%2Fproduct_cat&post=7530"},{"taxonomy":"product_tag","embeddable":true,"href":"https:\/\/szel-pasztorkerteszet.hu\/index.php?rest_route=%2Fwp%2Fv2%2Fproduct_tag&post=7530"}],"curies":[{"name":"wp","href":"https:\/\/api.w.org\/{rel}","templated":true}]}}

Sedum spurium &#8216;Mahagony Red&#8217;/ Varjúháj

<p>Sedum spurium &#8216;Mahagony Red’/ Varjúháj</p>
<p>5-10 cm magas, elágazó hajtású, húsos levelű évelő. Virágai élénk rózsaszínek, csillag alakúak, júliustól- szeptemberig nyílnak. Napos meleg helyre ültessük, talajban nem válogat. A pangó vizet nem tűri. Nagyon jó szárazságtűrő. Igénytelen, gondozásmentes sziklakerti növény.</p>
<p>A terméket 9&#215;9 cm-es cserépben szállítjuk!</p>

<p>Sedum spurium &#8216;Mahagony Red’/ Varjúháj 5-10 cm magas, elágazó hajtású, húsos levelű évelő. Virágai élénk rózsaszínek, csillag alakúak, júliustól- szeptemberig nyílnak. Napos meleg helyre ültessük, talajban nem válogat. A pangó vizet nem tűri. Nagyon jó szárazságtűrő. Igénytelen, gondozásmentes sziklakerti növény. A terméket 9&#215;9 cm-es cserépben szállítjuk!</p>
